{"id":8428,"date":"2021-02-18T15:58:00","date_gmt":"2021-02-18T15:58:00","guid":{"rendered":"https:\/\/ghiti.it\/?post_type=audiolibri&#038;p=8428"},"modified":"2021-02-18T15:58:01","modified_gmt":"2021-02-18T15:58:01","slug":"cjapasi-a-bracecuel","status":"publish","type":"audiolibri","link":"https:\/\/ghiti.it\/it\/audiolibri\/cjapasi-a-bracecuel\/","title":{"rendered":"Cjap\u00e2si a bracecuel"},"content":{"rendered":"\n<p><em>Fameis<\/em>&nbsp;e je une serie di 6 libruts ilustr\u00e2ts che a contin cui voi dai frutins tantis fameis, fameis diferentis ma plenis di am\u00f4r. In \u201cCjap\u00e2si a bracecuel\u201d il protagonist al \u00e8 Dino, che al \u00e0 doi fradis e une s\u00fbr, un nono e une none, dodis gjats e une cjice. Ma al \u00e0 ancje doi paris e d\u00f4s maris. Cem\u00fbt puedial jessi? Dino nol \u00e8 bon di d\u00e2 une rispueste. Lui al sa dome che cheste e je la s\u00f4 fameone, la s\u00f4 fameone amade, di cjap\u00e2 dute a bracecuel.<\/p>\n\n\n\n<p><em><strong>Detais<\/strong><\/em><\/p>\n\n\n\n<p>2016 Golaine di libruts pai fruts \u2013 pp 20<br>\u00a92016 Kappa Vu<br>Realiz\u00e2t cul contrib\u00fbt de ARLeF \u2013 Agjenzie Regjon\u00e2l pe Lenghe Furlane<br>Tescj e ilustrazions: Francesca Gregoricchio<br>Grafiche e impagjinazion: Manuela Coassin, Primalinea<br>Audioleture: Daria Miani<br>Consulence e supervision tescj e imagjins: ARLeF \u2013 Agjenzie Regjon\u00e2l pe Lenghe Furlane<br>Distribuzion:&nbsp;<a href=\"http:\/\/www.kappavu.it\/\">www.kappavu.it<\/a><\/p>\n\n\n\n<p><strong>Cjale e scolte la leture dal libri ach\u00ec:<\/strong><\/p>\n\n\n\n<figure class=\"wp-block-embed-youtube wp-block-embed is-type-video is-provider-youtube wp-embed-aspect-16-9 wp-has-aspect-ratio\"><div class=\"wp-block-embed__wrapper\">\n<iframe loading=\"lazy\" title=\"35. Le\u00ecn insiemi - Libri &quot;Cjap\u00e2si a bracecuel&quot;, Golaine Fameis\" width=\"500\" height=\"281\" src=\"https:\/\/www.youtube.com\/embed\/2Ni0xR-HMpU?feature=oembed\" frameborder=\"0\" allow=\"accelerometer; autoplay; clipboard-write; encrypted-media; gyroscope; picture-in-picture; web-share\" referrerpolicy=\"strict-origin-when-cross-origin\" allowfullscreen><\/iframe>\n<\/div><\/figure>\n\n\n\n<p>Francesca Gregoricchio<\/p>\n\n\n\n<p>Fameis<\/p>\n","protected":false},"featured_media":8432,"menu_order":0,"template":"","class_list":["post-8428","audiolibri","type-audiolibri","status-publish","has-post-thumbnail","hentry"],"acf":[],"_links":{"self":[{"href":"https:\/\/ghiti.it\/it\/wp-json\/wp\/v2\/audiolibri\/8428"}],"collection":[{"href":"https:\/\/ghiti.it\/it\/wp-json\/wp\/v2\/audiolibri"}],"about":[{"href":"https:\/\/ghiti.it\/it\/wp-json\/wp\/v2\/types\/audiolibri"}],"version-history":[{"count":2,"href":"https:\/\/ghiti.it\/it\/wp-json\/wp\/v2\/audiolibri\/8428\/revisions"}],"predecessor-version":[{"id":8435,"href":"https:\/\/ghiti.it\/it\/wp-json\/wp\/v2\/audiolibri\/8428\/revisions\/8435"}],"wp:featuredmedia":[{"embeddable":true,"href":"https:\/\/ghiti.it\/it\/wp-json\/wp\/v2\/media\/8432"}],"wp:attachment":[{"href":"https:\/\/ghiti.it\/it\/wp-json\/wp\/v2\/media?parent=8428"}],"curies":[{"name":"wp","href":"https:\/\/api.w.org\/{rel}","templated":true}]}}

Cjapâsi a bracecuel

<p><em>Fameis</em>&nbsp;e je une serie di 6 libruts ilustrâts che a contin cui voi dai frutins tantis fameis, fameis diferentis ma plenis di amôr. In “Cjapâsi a bracecuel” il protagonist al è Dino, che al à doi fradis e une sûr, un nono e une none, dodis gjats e une cjice. Ma al à ancje doi paris e dôs maris. Cemût puedial jessi? Dino nol è bon di dâ une rispueste. Lui al sa dome che cheste e je la sô fameone, la sô fameone amade, di cjapâ dute a bracecuel.</p>



<p><em><strong>Detais</strong></em></p>



<p>2016 Golaine di libruts pai fruts – pp 20<br>©2016 Kappa Vu<br>Realizât cul contribût de ARLeF – Agjenzie Regjonâl pe Lenghe Furlane<br>Tescj e ilustrazions: Francesca Gregoricchio<br>Grafiche e impagjinazion: Manuela Coassin, Primalinea<br>Audioleture: Daria Miani<br>Consulence e supervision tescj e imagjins: ARLeF – Agjenzie Regjonâl pe Lenghe Furlane<br>Distribuzion:&nbsp;<a href="http://www.kappavu.it/">www.kappavu.it</a></p>



<p><strong>Cjale e scolte la leture dal libri achì:</strong></p>



<figure class="wp-block-embed-youtube wp-block-embed is-type-video is-provider-youtube wp-embed-aspect-16-9 wp-has-aspect-ratio"><div class="wp-block-embed__wrapper">
<iframe loading="lazy" title="35. Leìn insiemi - Libri &quot;Cjapâsi a bracecuel&quot;, Golaine Fameis" width="500" height="281" src="https://www.youtube.com/embed/2Ni0xR-HMpU?feature=oembed" frameborder="0" allow="accelerometer; autoplay; clipboard-write; encrypted-media; gyroscope; picture-in-picture; web-share" referrerpolicy="strict-origin-when-cross-origin" allowfullscreen></iframe>
</div></figure>



<p>Francesca Gregoricchio</p>



<p>Fameis</p>
