{"id":8565,"date":"2020-10-26T09:54:59","date_gmt":"2020-10-26T09:54:59","guid":{"rendered":"https:\/\/ghiti.it\/series\/"},"modified":"2025-01-10T09:05:10","modified_gmt":"2025-01-10T09:05:10","slug":"series","status":"publish","type":"page","link":"https:\/\/ghiti.it\/it\/series\/","title":{"rendered":"Cartons anim\u00e2ts"},"content":{"rendered":"\n<p>Cheste sezion e ten dentri cetancj cartons anim\u00e2ts in lenghe furlane, condivid\u00fbts dal s\u00eet de ARLeF, o ben:<\/p>\n\n<p>\u201c<strong>La Pimpa<\/strong>\u201d, la simpatiche cji\u00e7ute blancje a balins ros, creade di Altan.<\/p>\n\n<p>\u201c<strong>Rite &amp; Cjossul<\/strong>\u201d, che al conte des bielis zornadis che a passin Rite, une frute di cinc agns, e Cjossul, il so cjan poltron e cidin che al sa a fevel\u00e2.<\/p>\n\n<p>\u201c<strong>Free &amp; Ulli<\/strong>\u201d, un grant crot e une pi\u00e7ule moscje, i doi persona\u00e7s che i fruts a \u00e0n impar\u00e2t a vol\u00eaur ben cun \u201cMaman!\u201d, la prime trasmission televisive par fruts dute in lenghe furlane.<\/p>\n\n<p>\u201c<strong>\u00c2f blu<\/strong>\u201d, la aventure di une \u00e2f blu, un col\u00f4r strani par une \u00e2f. Al \u00e8 ide\u00e2t, scrit, music\u00e2t, interpret\u00e2t, dissegn\u00e2t e anim\u00e2t ad implen di professioniscj furlans.<\/p>\n\n<p>\u201c<strong>Flon Flon e Musute<\/strong>\u201d, version in lenghe furlane di \u201cFlon Flon e Musette\u201d, libri ilustr\u00e2t di Elzbieta. Al conte la storie di doi cuninuts am\u00ees che ogni d\u00ec si cjatin insiemi par zui\u00e2, fin che une matine tal puest dal riul a cjatin une cise di spinis e no puedin plui viodisi, parc\u00e8 che Musute \u201ce je di ch\u00ea altre bande de vuere\u201d.<\/p>\n\n<p>\u201c<strong>Babarut<\/strong>\u201d, carton anim\u00e2t che al propon la version furlane di Giorgio Ferigo di \u201cHistorie du Babar\u201d, flabe di Jean De Brunhoff metude in musiche di Francis Poulenc.<\/p>\n","protected":false},"excerpt":{"rendered":"<p>Cheste sezion e ten dentri cetancj cartons anim\u00e2ts in lenghe furlane, condivid\u00fbts dal s\u00eet de ARLeF, o ben: \u201cLa Pimpa\u201d, la simpatiche cji\u00e7ute blancje a balins ros, creade di Altan. \u201cRite &amp; Cjossul\u201d, che al conte des bielis zornadis che a passin Rite, une frute di cinc agns, e Cjossul, il so cjan poltron e &hellip; <a href=\"https:\/\/ghiti.it\/it\/series\/\">Continued<\/a><\/p>\n","protected":false},"author":2,"featured_media":0,"parent":0,"menu_order":0,"comment_status":"closed","ping_status":"closed","template":"template-cartoons.blade.php","meta":{"_acf_changed":false,"footnotes":""},"class_list":["post-8565","page","type-page","status-publish","hentry"],"acf":[],"_links":{"self":[{"href":"https:\/\/ghiti.it\/it\/wp-json\/wp\/v2\/pages\/8565"}],"collection":[{"href":"https:\/\/ghiti.it\/it\/wp-json\/wp\/v2\/pages"}],"about":[{"href":"https:\/\/ghiti.it\/it\/wp-json\/wp\/v2\/types\/page"}],"author":[{"embeddable":true,"href":"https:\/\/ghiti.it\/it\/wp-json\/wp\/v2\/users\/2"}],"replies":[{"embeddable":true,"href":"https:\/\/ghiti.it\/it\/wp-json\/wp\/v2\/comments?post=8565"}],"version-history":[{"count":1,"href":"https:\/\/ghiti.it\/it\/wp-json\/wp\/v2\/pages\/8565\/revisions"}],"predecessor-version":[{"id":13484,"href":"https:\/\/ghiti.it\/it\/wp-json\/wp\/v2\/pages\/8565\/revisions\/13484"}],"wp:attachment":[{"href":"https:\/\/ghiti.it\/it\/wp-json\/wp\/v2\/media?parent=8565"}],"curies":[{"name":"wp","href":"https:\/\/api.w.org\/{rel}","templated":true}]}}

Cartons animâts

<p>Cheste sezion e ten dentri cetancj cartons animâts in lenghe furlane, condividûts dal sît de ARLeF, o ben:</p>

<p>“<strong>La Pimpa</strong>”, la simpatiche cjiçute blancje a balins ros, creade di Altan.</p>

<p>“<strong>Rite &amp; Cjossul</strong>”, che al conte des bielis zornadis che a passin Rite, une frute di cinc agns, e Cjossul, il so cjan poltron e cidin che al sa a fevelâ.</p>

<p>“<strong>Free &amp; Ulli</strong>”, un grant crot e une piçule moscje, i doi personaçs che i fruts a àn imparât a volêur ben cun “Maman!”, la prime trasmission televisive par fruts dute in lenghe furlane.</p>

<p>“<strong>Âf blu</strong>”, la aventure di une âf blu, un colôr strani par une âf. Al è ideât, scrit, musicât, interpretât, dissegnât e animât ad implen di professioniscj furlans.</p>

<p>“<strong>Flon Flon e Musute</strong>”, version in lenghe furlane di “Flon Flon e Musette”, libri ilustrât di Elzbieta. Al conte la storie di doi cuninuts amîs che ogni dì si cjatin insiemi par zuiâ, fin che une matine tal puest dal riul a cjatin une cise di spinis e no puedin plui viodisi, parcè che Musute “e je di chê altre bande de vuere”.</p>

<p>“<strong>Babarut</strong>”, carton animât che al propon la version furlane di Giorgio Ferigo di “Historie du Babar”, flabe di Jean De Brunhoff metude in musiche di Francis Poulenc.</p>

<p>Cheste sezion e ten dentri cetancj cartons animâts in lenghe furlane, condividûts dal sît de ARLeF, o ben: “La Pimpa”, la simpatiche cjiçute blancje a balins ros, creade di Altan. “Rite &amp; Cjossul”, che al conte des bielis zornadis che a passin Rite, une frute di cinc agns, e Cjossul, il so cjan poltron e &hellip; <a href="https://ghiti.it/it/series/">Continued</a></p>
