{"id":14291,"date":"2025-03-10T09:28:27","date_gmt":"2025-03-10T09:28:27","guid":{"rendered":"https:\/\/ghiti.it\/?post_type=video&#038;p=14291"},"modified":"2025-03-10T09:28:27","modified_gmt":"2025-03-10T09:28:27","slug":"25-i-numaruts-la-tabele-dal-cinc","status":"publish","type":"video","link":"https:\/\/ghiti.it\/it\/video\/25-i-numaruts-la-tabele-dal-cinc\/","title":{"rendered":"25. I Numaruts \u00a9 La Tabele dal Cinc"},"content":{"rendered":"\n<p>I Numaruts a son une presentazion \/ sono una presentazione ARLeF \u2013 Agjenzie regjon\u00e2l pe lenghe furlane su licence \/ su licenza Videoplugger LTD I Numaruts al \u00e8 la version furlane dal carton anim\u00e2t de BCC Numberblocks, che al \u00e0 ch\u00ea di jud\u00e2 i frutins a impar\u00e2 a f\u00e2 i conts midiant dai siei protagoniscj, i regui plui simpatics che a sedin! A son 30 i episodis dal gn\u00fbf carton anim\u00e2t de ARLeF: cun cjants, formis e mil aventuris, la matematiche no je mai stade tant divertente e colorade! \/ I Numaruts \u00e8 la versione in lingua friulana del cartone animato della BBC Numberblocks, che ha per scopo quello di aiutare i bambini a imparare a contare con l\u2019aiuto dei suoi protagonisti, i regoli pi\u00f9 simpatici che ci siano! Sono 30 gli episodi del nuovo cartone animato dell\u2019ARLeF: con canti, forme e mille avventure, la matematica non \u00e8 mai stata cos\u00ec divertente e colorata! Ep. 25 \u2013 La Tabele dal Cinc In dutis chestis aventuris dai Numaruts, nol podeve mancj\u00e2 ancje un conciert rock. Ve alore che la Tabele e \u00e0 di tign\u00ee i conts par Cinc, la stele dal rock di Numarlandie! \/ Tra tutte le avventure dei Numaruts, non poteva mancare anche un concerto rock. Ecco allora che la Tabele dovr\u00e0 tenere i conti per Cinc, la stella del rock di Numarlandie! Credits Edizion in lenghe furlane \/ Edizione in lingua friulana: CSS Teatro Stabile di Innovazione del FVG Coordenament gjener\u00e2l \/ Coordinamento generale: William Cisilino Direzion de dopleadure \/ Direzione del doppiaggio: Rita Maffei Traduzion \/ Traduzione: Sportel regjon\u00e2l pe lenghe furlane \u2013 Michele Calligaris e Veronica De Giorgio Adatament dai dialics \/ Adattamento dei dialoghi: Barbara Bregant Cu lis v\u00f4s di \/ Con le voci di: Manuel Buttus, Roberta Colacino, Serena Di Blasio, Rita Maffei, Nicoletta Oscuro E dai cjantants \/ e dei cantanti: Elsa Martin, Jvan Moda, Matteo Sgobino Consulent music\u00e2l \/ Consulente musicale: Matteo Sgobino Regjistrazion \/ Registrazione: Delta Studios S.r.l. Tecnic dal sun \/ Tecnico del suono: Vittorio Vella Adatament titui e grafichis in lenghe furlane \/ Adattamento titoli e grafiche in lingua friulana: Quasar corporate Graciis a \/ Grazie a: Francesca Battistutta, Emanuele Galloni, Giorgio Milocco, Sabina Pituello, Marina Valentinis<\/p>\n","protected":false},"featured_media":14289,"menu_order":0,"template":"","series":[137],"class_list":["post-14291","video","type-video","status-publish","has-post-thumbnail","hentry","series-numaruts-it"],"acf":{"url_video":"BeqPbf7Xj_g","anno":"","video_correlati":"","risorse_correlate":"","n_ordine":25},"_links":{"self":[{"href":"https:\/\/ghiti.it\/it\/wp-json\/wp\/v2\/video\/14291"}],"collection":[{"href":"https:\/\/ghiti.it\/it\/wp-json\/wp\/v2\/video"}],"about":[{"href":"https:\/\/ghiti.it\/it\/wp-json\/wp\/v2\/types\/video"}],"version-history":[{"count":1,"href":"https:\/\/ghiti.it\/it\/wp-json\/wp\/v2\/video\/14291\/revisions"}],"predecessor-version":[{"id":14322,"href":"https:\/\/ghiti.it\/it\/wp-json\/wp\/v2\/video\/14291\/revisions\/14322"}],"wp:featuredmedia":[{"embeddable":true,"href":"https:\/\/ghiti.it\/it\/wp-json\/wp\/v2\/media\/14289"}],"wp:attachment":[{"href":"https:\/\/ghiti.it\/it\/wp-json\/wp\/v2\/media?parent=14291"}],"wp:term":[{"taxonomy":"series","embeddable":true,"href":"https:\/\/ghiti.it\/it\/wp-json\/wp\/v2\/series?post=14291"}],"curies":[{"name":"wp","href":"https:\/\/api.w.org\/{rel}","templated":true}]}}

<p>I Numaruts a son une presentazion / sono una presentazione ARLeF – Agjenzie regjonâl pe lenghe furlane su licence / su licenza Videoplugger LTD I Numaruts al è la version furlane dal carton animât de BCC Numberblocks, che al à chê di judâ i frutins a imparâ a fâ i conts midiant dai siei protagoniscj, i regui plui simpatics che a sedin! A son 30 i episodis dal gnûf carton animât de ARLeF: cun cjants, formis e mil aventuris, la matematiche no je mai stade tant divertente e colorade! / I Numaruts è la versione in lingua friulana del cartone animato della BBC Numberblocks, che ha per scopo quello di aiutare i bambini a imparare a contare con l’aiuto dei suoi protagonisti, i regoli più simpatici che ci siano! Sono 30 gli episodi del nuovo cartone animato dell’ARLeF: con canti, forme e mille avventure, la matematica non è mai stata così divertente e colorata! Ep. 25 – La Tabele dal Cinc In dutis chestis aventuris dai Numaruts, nol podeve mancjâ ancje un conciert rock. Ve alore che la Tabele e à di tignî i conts par Cinc, la stele dal rock di Numarlandie! / Tra tutte le avventure dei Numaruts, non poteva mancare anche un concerto rock. Ecco allora che la Tabele dovrà tenere i conti per Cinc, la stella del rock di Numarlandie! Credits Edizion in lenghe furlane / Edizione in lingua friulana: CSS Teatro Stabile di Innovazione del FVG Coordenament gjenerâl / Coordinamento generale: William Cisilino Direzion de dopleadure / Direzione del doppiaggio: Rita Maffei Traduzion / Traduzione: Sportel regjonâl pe lenghe furlane – Michele Calligaris e Veronica De Giorgio Adatament dai dialics / Adattamento dei dialoghi: Barbara Bregant Cu lis vôs di / Con le voci di: Manuel Buttus, Roberta Colacino, Serena Di Blasio, Rita Maffei, Nicoletta Oscuro E dai cjantants / e dei cantanti: Elsa Martin, Jvan Moda, Matteo Sgobino Consulent musicâl / Consulente musicale: Matteo Sgobino Regjistrazion / Registrazione: Delta Studios S.r.l. Tecnic dal sun / Tecnico del suono: Vittorio Vella Adatament titui e grafichis in lenghe furlane / Adattamento titoli e grafiche in lingua friulana: Quasar corporate Graciis a / Grazie a: Francesca Battistutta, Emanuele Galloni, Giorgio Milocco, Sabina Pituello, Marina Valentinis</p>
