{"id":630,"date":"2020-08-27T12:23:17","date_gmt":"2020-08-27T12:23:17","guid":{"rendered":"https:\/\/ghiti.it\/video\/maman-01-02-dj-tubet\/"},"modified":"2021-03-15T10:54:05","modified_gmt":"2021-03-15T10:54:05","slug":"maman-01-02-dj-tubet","status":"publish","type":"video","link":"https:\/\/ghiti.it\/it\/video\/maman-01-02-dj-tubet\/","title":{"rendered":"DJ TUBET"},"content":{"rendered":"\n<p><strong><em>Maman! La trasmissione per bambini tutta in lingua friulana.<\/em><\/strong><strong><em><br>\n<\/em><\/strong>In onda su Telefriuli (canale 11) ogni venerd\u00ec<\/p>\n\n\n\n<p>Una produzione di ARLeF \u2013 Agenzia Regionale per la Lingua Friulana e di Telefriuli<\/p>\n\n\n\n<p>In una casetta dai tanti colori abitano Daria e il gattino Vigji che trascorrono pomeriggi molto divertenti cantando canzoni, giocando, raccontando barzellette e leggendo storie. Di volta in volta bussano alla porta simpatici ospiti, ognuno con una propria storia particolare: cantanti, scrittori, illustratori, insegnanti, maghi, cantautori, attori, comici, musicisti, cuochi e tanti altri. Ad arricchire ogni puntata tante rubriche: \u201cA ogni frut il so librut\u201d, dedicata alla lettura di un libro illustrato in lingua friulana; il \u201cZ\u00fbc\u201d, con le illustrazioni di \u201cAlc&amp;C\u00e8\u201d, inserto de \u201cLa Vita Cattolica\u201d; \u201cMaster Cogo Furlan\u201d, con la preparazione di facili piatti golosi; \u201c99 peraulis\u201d, le carte illustrate per imparare nuove parole in pi\u00f9 lingue; i \u201cM\u00fbts di d\u00ee\u201d e lo spazio dedicato ai video inviati dai bambini da casa. In chiusura, per gli adulti, una breve videointervista del progetto \u201cCressi cun plui lenghis\u201d per informare e sensibilizzare i genitori, i nonni e gli educatori sui vantaggi del plurilinguismo.<\/p>\n\n\n\n<p><strong>In questa puntata (2).<\/strong> Alla porta della casetta di Daria bussa Mauro Tubetti, in arte Dj Tubet: lui \u00e8 un rapper che inventa storie in lingua friulana, simili alle villotte, ma in chiave contemporanea, utilizzando la tecnica musicale dell\u2019improvvisazione e del rap. Per la festa di Capodanno ha bisogno di una bandiera del Friuli per allestire il palco, ed \u00e8 sicuro che Daria ne abbia una da imprestargli. Tubet racconta a Daria che durante il concerto canter\u00e0 assieme ad un amico persiano, ed ognuno lo far\u00e0 nella sua lingua madre. Dopo averlo salutato, Daria mette il cappello da cuoca e, nello spazio di Master Cogo Furlan, prepara la torta bandiera. Pi\u00f9 tardi legge il libro \u201cGjatUT e il Nad\u00e2l\u201d di D. Crapiz e D. Alessio (ed. Kappa Vu), fa il gioco di Alc&amp;C\u00e8, insegna qualche nuova parola con \u201c99Peraulis\u201d e un nuovo modo di dire, si gode i video mandati da casa dai telespettatori di Maman!, ed infine si rilassa in salotto col suo gattino Vigji raccontandogli le avventure della giornata. In chiusura, per i genitori, va in onda una breve videointervista ad Antonella Sorace: \u201cL\u2019approccio al bilinguismo cambia quando una delle due lingue \u00e8 una lingua minoritaria?\u201d<\/p>\n\n\n\n<p>Conduttrice e autrice: Daria Miani<br>\nRegia: Luca Fornasiero<br>\nMusica: Flaviano Miani<br>\nRedazione e consulenza linguistica ARLeF: Priscilla De Agostini, Linda Picco, Miriam Pupini<br>\nResponsabile del progetto per l\u2019ARLeF: William Cisilino<br>\nCoordinamento per l\u2019ARLeF: Priscilla De Agostini<br>\nSigla Maman!: voce e parole di Daria Miani, musica di Flaviano Miani, foto di Silvia Raber, animazione di Pierangelo Buttazzoni e Davide Nicolicchia<br>\nLogo Maman!: Calt Udine<br>\nDurata: 20 minuti circa<\/p>\n\n\n\n<p>Contatti:<br>\narlef@regione.fvg.it<br>\n<a href=\"mailto:maman@tvstar.com\">maman@tvstar.com<\/a><\/p>\n","protected":false},"featured_media":3274,"menu_order":2,"template":"","series":[37,51],"class_list":["post-630","video","type-video","status-publish","has-post-thumbnail","hentry","series-lis-pontadis-di-maman-it","series-stagione-1-it"],"acf":{"url_video":"H9eKEsQXewk","anno":"","video_correlati":"","risorse_correlate":"","n_ordine":0},"_links":{"self":[{"href":"https:\/\/ghiti.it\/it\/wp-json\/wp\/v2\/video\/630"}],"collection":[{"href":"https:\/\/ghiti.it\/it\/wp-json\/wp\/v2\/video"}],"about":[{"href":"https:\/\/ghiti.it\/it\/wp-json\/wp\/v2\/types\/video"}],"version-history":[{"count":3,"href":"https:\/\/ghiti.it\/it\/wp-json\/wp\/v2\/video\/630\/revisions"}],"predecessor-version":[{"id":9032,"href":"https:\/\/ghiti.it\/it\/wp-json\/wp\/v2\/video\/630\/revisions\/9032"}],"wp:featuredmedia":[{"embeddable":true,"href":"https:\/\/ghiti.it\/it\/wp-json\/wp\/v2\/media\/3274"}],"wp:attachment":[{"href":"https:\/\/ghiti.it\/it\/wp-json\/wp\/v2\/media?parent=630"}],"wp:term":[{"taxonomy":"series","embeddable":true,"href":"https:\/\/ghiti.it\/it\/wp-json\/wp\/v2\/series?post=630"}],"curies":[{"name":"wp","href":"https:\/\/api.w.org\/{rel}","templated":true}]}}

<p><strong><em>Maman! La trasmissione per bambini tutta in lingua friulana.</em></strong><strong><em><br>
</em></strong>In onda su Telefriuli (canale 11) ogni venerdì</p>



<p>Una produzione di ARLeF – Agenzia Regionale per la Lingua Friulana e di Telefriuli</p>



<p>In una casetta dai tanti colori abitano Daria e il gattino Vigji che trascorrono pomeriggi molto divertenti cantando canzoni, giocando, raccontando barzellette e leggendo storie. Di volta in volta bussano alla porta simpatici ospiti, ognuno con una propria storia particolare: cantanti, scrittori, illustratori, insegnanti, maghi, cantautori, attori, comici, musicisti, cuochi e tanti altri. Ad arricchire ogni puntata tante rubriche: “A ogni frut il so librut”, dedicata alla lettura di un libro illustrato in lingua friulana; il “Zûc”, con le illustrazioni di “Alc&amp;Cè”, inserto de “La Vita Cattolica”; “Master Cogo Furlan”, con la preparazione di facili piatti golosi; “99 peraulis”, le carte illustrate per imparare nuove parole in più lingue; i “Mûts di dî” e lo spazio dedicato ai video inviati dai bambini da casa. In chiusura, per gli adulti, una breve videointervista del progetto “Cressi cun plui lenghis” per informare e sensibilizzare i genitori, i nonni e gli educatori sui vantaggi del plurilinguismo.</p>



<p><strong>In questa puntata (2).</strong> Alla porta della casetta di Daria bussa Mauro Tubetti, in arte Dj Tubet: lui è un rapper che inventa storie in lingua friulana, simili alle villotte, ma in chiave contemporanea, utilizzando la tecnica musicale dell’improvvisazione e del rap. Per la festa di Capodanno ha bisogno di una bandiera del Friuli per allestire il palco, ed è sicuro che Daria ne abbia una da imprestargli. Tubet racconta a Daria che durante il concerto canterà assieme ad un amico persiano, ed ognuno lo farà nella sua lingua madre. Dopo averlo salutato, Daria mette il cappello da cuoca e, nello spazio di Master Cogo Furlan, prepara la torta bandiera. Più tardi legge il libro “GjatUT e il Nadâl” di D. Crapiz e D. Alessio (ed. Kappa Vu), fa il gioco di Alc&amp;Cè, insegna qualche nuova parola con “99Peraulis” e un nuovo modo di dire, si gode i video mandati da casa dai telespettatori di Maman!, ed infine si rilassa in salotto col suo gattino Vigji raccontandogli le avventure della giornata. In chiusura, per i genitori, va in onda una breve videointervista ad Antonella Sorace: “L’approccio al bilinguismo cambia quando una delle due lingue è una lingua minoritaria?”</p>



<p>Conduttrice e autrice: Daria Miani<br>
Regia: Luca Fornasiero<br>
Musica: Flaviano Miani<br>
Redazione e consulenza linguistica ARLeF: Priscilla De Agostini, Linda Picco, Miriam Pupini<br>
Responsabile del progetto per l’ARLeF: William Cisilino<br>
Coordinamento per l’ARLeF: Priscilla De Agostini<br>
Sigla Maman!: voce e parole di Daria Miani, musica di Flaviano Miani, foto di Silvia Raber, animazione di Pierangelo Buttazzoni e Davide Nicolicchia<br>
Logo Maman!: Calt Udine<br>
Durata: 20 minuti circa</p>



<p>Contatti:<br>
arlef@regione.fvg.it<br>
<a href="mailto:maman@tvstar.com">maman@tvstar.com</a></p>
