{"id":643,"date":"2020-08-27T12:23:20","date_gmt":"2020-08-27T12:23:20","guid":{"rendered":"https:\/\/ghiti.it\/video\/maman-01-21-serena-fogolini\/"},"modified":"2021-03-15T10:46:24","modified_gmt":"2021-03-15T10:46:24","slug":"maman-01-21-serena-fogolini","status":"publish","type":"video","link":"https:\/\/ghiti.it\/it\/video\/maman-01-21-serena-fogolini\/","title":{"rendered":"SERENA FOGOLINI"},"content":{"rendered":"\n<div style=\"text-align: justify;\">\n<p><strong><em>Maman! La trasmissione per bambini tutta in lingua friulana<\/em><\/strong><strong><em><br>\n<\/em><\/strong>In onda su Telefriuli (canale 11) ogni venerd\u00ec<\/p>\n<p>Una produzione di ARLeF \u2013 Agenzia Regionale per la Lingua Friulana e di Telefriuli<\/p>\n<p>In una casetta dai tanti colori abitano Daria e il gattino Vigji che trascorrono pomeriggi molto divertenti cantando canzoni, giocando, raccontando barzellette e leggendo storie. Di volta in volta bussano alla porta simpatici ospiti, ognuno con una propria storia particolare: cantanti, scrittori, illustratori, insegnanti, maghi, cantautori, attori, comici, musicisti, cuochi e tanti altri. Ad arricchire ogni puntata tante rubriche: \u201cA ogni frut il so librut\u201d, dedicata alla lettura di un libro illustrato in lingua friulana; il \u201cZ\u00fbc\u201d, con le illustrazioni di \u201cAlc&amp;C\u00e8\u201d, inserto della \u201cLa Vita Cattolica\u201d; \u201cMaster Cogo Furlan\u201d, con la preparazione di facili piatti golosi; \u201c99 Peraulis\u201d, le carte illustrate per imparare parole in pi\u00f9 lingue; i \u201cM\u00fbts di d\u00ee\u201d e lo spazio dedicato ai video inviati dai bambini da casa. In chiusura, per gli adulti, una breve videointervista del progetto \u201cCressi cun plui lenghis\u201d per informare e sensibilizzare i genitori, i nonni e gli educatori sui vantaggi del plurilinguismo.<\/p>\n<p><strong>In questa puntata (21).<\/strong> Serena Fogolini, una grande appassionata di lingua friulana che fa la sportellista e recita nel gruppo teatrale \u201cSot la Nape\u201d, arriva a casa di Daria gi\u00e0 alle otto del mattino mentre il sole gi\u00e0 splende. Daria per\u00f2 \u00e8 ancora molto assonnata ed accoglie l\u2019amica sbadigliando. Serena ha portato un bel cesto di fiori e parlano delle fioriture e delle erbe di stagione come l\u2019ortica e gli asparagi selvatici. Le due amiche intonano la canzone \u201cI fl\u00f4rs di simpri\u201d (in Cjantis e Rimarolis, ed. Kappa Vu) e poi, indossati i costumi, leggono ed interpretano la storia di \u201cLa Principesse furlane sul cesaron\u201d (in La Patrie dal Fri\u00fbl, settembre 2013). Dopo aver fatto il gioco di Alc&amp;C\u00e8, imparato qualche nuova parola con\u201d 99 Peraulis\u201d, insegnato un nuovo modo di dire e apprezzato i video mandati da casa dai telespettatori di Maman!, Daria si rilassa in salotto con Vigji, il suo gattino, e gli racconta le avventure della giornata. In chiusura, per i genitori, va in onda una breve videointervista a Linda Picco: \u201cHa riscontrato delle difficolt\u00e0 nel crescere sua figlia bilingue?\u201d.<\/p>\n<p>Conduttrice e autrice: Daria Miani<br>\nRegia: Luca Fornasiero<br>\nMusica: Flaviano Miani<br>\nRedazione e consulenza linguistica ARLeF: Priscilla De Agostini, Linda Picco, Miriam Pupini<br>\nResponsabile del progetto per l\u2019ARLeF: William Cisilino<br>\nCoordinamento per l\u2019ARLeF: Priscilla De Agostini<br>\nSigla Maman!: voce e parole di Daria Miani, musica di Flaviano Miani, foto di Silvia Raber, animazione di Pierangelo Buttazzoni e Davide Nicolicchia<br>\nLogo Maman!: Calt Udine<br>\nDurata: 20 minuti circa<\/p>\n<p>Contatti:<br>\narlef@regione.fvg.it<br>\nmaman@tvstar.com<\/p>\n<\/div>\n","protected":false},"featured_media":3248,"menu_order":21,"template":"","series":[37,51],"class_list":["post-643","video","type-video","status-publish","has-post-thumbnail","hentry","series-lis-pontadis-di-maman-it","series-stagione-1-it"],"acf":{"url_video":"Lgz88EjpEEE","anno":"","video_correlati":"","risorse_correlate":"","n_ordine":0},"_links":{"self":[{"href":"https:\/\/ghiti.it\/it\/wp-json\/wp\/v2\/video\/643"}],"collection":[{"href":"https:\/\/ghiti.it\/it\/wp-json\/wp\/v2\/video"}],"about":[{"href":"https:\/\/ghiti.it\/it\/wp-json\/wp\/v2\/types\/video"}],"version-history":[{"count":3,"href":"https:\/\/ghiti.it\/it\/wp-json\/wp\/v2\/video\/643\/revisions"}],"predecessor-version":[{"id":9017,"href":"https:\/\/ghiti.it\/it\/wp-json\/wp\/v2\/video\/643\/revisions\/9017"}],"wp:featuredmedia":[{"embeddable":true,"href":"https:\/\/ghiti.it\/it\/wp-json\/wp\/v2\/media\/3248"}],"wp:attachment":[{"href":"https:\/\/ghiti.it\/it\/wp-json\/wp\/v2\/media?parent=643"}],"wp:term":[{"taxonomy":"series","embeddable":true,"href":"https:\/\/ghiti.it\/it\/wp-json\/wp\/v2\/series?post=643"}],"curies":[{"name":"wp","href":"https:\/\/api.w.org\/{rel}","templated":true}]}}

<div style="text-align: justify;">
<p><strong><em>Maman! La trasmissione per bambini tutta in lingua friulana</em></strong><strong><em><br>
</em></strong>In onda su Telefriuli (canale 11) ogni venerdì</p>
<p>Una produzione di ARLeF – Agenzia Regionale per la Lingua Friulana e di Telefriuli</p>
<p>In una casetta dai tanti colori abitano Daria e il gattino Vigji che trascorrono pomeriggi molto divertenti cantando canzoni, giocando, raccontando barzellette e leggendo storie. Di volta in volta bussano alla porta simpatici ospiti, ognuno con una propria storia particolare: cantanti, scrittori, illustratori, insegnanti, maghi, cantautori, attori, comici, musicisti, cuochi e tanti altri. Ad arricchire ogni puntata tante rubriche: “A ogni frut il so librut”, dedicata alla lettura di un libro illustrato in lingua friulana; il “Zûc”, con le illustrazioni di “Alc&amp;Cè”, inserto della “La Vita Cattolica”; “Master Cogo Furlan”, con la preparazione di facili piatti golosi; “99 Peraulis”, le carte illustrate per imparare parole in più lingue; i “Mûts di dî” e lo spazio dedicato ai video inviati dai bambini da casa. In chiusura, per gli adulti, una breve videointervista del progetto “Cressi cun plui lenghis” per informare e sensibilizzare i genitori, i nonni e gli educatori sui vantaggi del plurilinguismo.</p>
<p><strong>In questa puntata (21).</strong> Serena Fogolini, una grande appassionata di lingua friulana che fa la sportellista e recita nel gruppo teatrale “Sot la Nape”, arriva a casa di Daria già alle otto del mattino mentre il sole già splende. Daria però è ancora molto assonnata ed accoglie l’amica sbadigliando. Serena ha portato un bel cesto di fiori e parlano delle fioriture e delle erbe di stagione come l’ortica e gli asparagi selvatici. Le due amiche intonano la canzone “I flôrs di simpri” (in Cjantis e Rimarolis, ed. Kappa Vu) e poi, indossati i costumi, leggono ed interpretano la storia di “La Principesse furlane sul cesaron” (in La Patrie dal Friûl, settembre 2013). Dopo aver fatto il gioco di Alc&amp;Cè, imparato qualche nuova parola con” 99 Peraulis”, insegnato un nuovo modo di dire e apprezzato i video mandati da casa dai telespettatori di Maman!, Daria si rilassa in salotto con Vigji, il suo gattino, e gli racconta le avventure della giornata. In chiusura, per i genitori, va in onda una breve videointervista a Linda Picco: “Ha riscontrato delle difficoltà nel crescere sua figlia bilingue?”.</p>
<p>Conduttrice e autrice: Daria Miani<br>
Regia: Luca Fornasiero<br>
Musica: Flaviano Miani<br>
Redazione e consulenza linguistica ARLeF: Priscilla De Agostini, Linda Picco, Miriam Pupini<br>
Responsabile del progetto per l’ARLeF: William Cisilino<br>
Coordinamento per l’ARLeF: Priscilla De Agostini<br>
Sigla Maman!: voce e parole di Daria Miani, musica di Flaviano Miani, foto di Silvia Raber, animazione di Pierangelo Buttazzoni e Davide Nicolicchia<br>
Logo Maman!: Calt Udine<br>
Durata: 20 minuti circa</p>
<p>Contatti:<br>
arlef@regione.fvg.it<br>
maman@tvstar.com</p>
</div>
