{"id":645,"date":"2020-08-27T12:23:20","date_gmt":"2020-08-27T12:23:20","guid":{"rendered":"https:\/\/ghiti.it\/video\/maman-01-23-manuela-rossi\/"},"modified":"2021-03-15T10:46:07","modified_gmt":"2021-03-15T10:46:07","slug":"maman-01-23-manuela-rossi","status":"publish","type":"video","link":"https:\/\/ghiti.it\/it\/video\/maman-01-23-manuela-rossi\/","title":{"rendered":"MANUELA ROSSI"},"content":{"rendered":"\n<div style=\"text-align: justify;\">\n<p><strong><em>Maman! La trasmissione per bambini tutta in lingua friulana<\/em><\/strong><strong><em><br>\n<\/em><\/strong>In onda su Telefriuli (canale 11) ogni venerd\u00ec<\/p>\n<p>Una produzione di ARLeF \u2013 Agenzia Regionale per la Lingua Friulana e di Telefriuli<\/p>\n<p>In una casetta dai tanti colori abitano Daria e il gattino Vigji che trascorrono pomeriggi molto divertenti cantando canzoni, giocando, raccontando barzellette e leggendo storie. Di volta in volta bussano alla porta simpatici ospiti, ognuno con una propria storia particolare: cantanti, scrittori, illustratori, insegnanti, maghi, cantautori, attori, comici, musicisti, cuochi e tanti altri. Ad arricchire ogni puntata tante rubriche: \u201cA ogni frut il so librut\u201d, dedicata alla lettura di un libro illustrato in lingua friulana; il \u201cZ\u00fbc\u201d, con le illustrazioni di \u201cAlc&amp;C\u00e8\u201d, inserto della \u201cLa Vita Cattolica\u201d; \u201cMaster Cogo Furlan\u201d, con la preparazione di facili piatti golosi; \u201c99 Peraulis\u201d, le carte illustrate per imparare parole in pi\u00f9 lingue; i \u201cM\u00fbts di d\u00ee\u201d e lo spazio dedicato ai video inviati dai bambini da casa. In chiusura, per gli adulti, una breve videointervista del progetto \u201cCressi cun plui lenghis\u201d per informare e sensibilizzare i genitori, i nonni e gli educatori sui vantaggi del plurilinguismo.<\/p>\n<p><strong>In questa puntata (23).<\/strong> Manuela Rossi va a trovare Daria per portare a termine una missione: farle cambiare idea sugli insetti che lei proprio non ama. Manuela \u00e8 una naturalista, professoressa di scienze, che collabora anche con la Casa delle farfalle di Bordano dove si occupa della parte didattica e dell\u2019allevamento e cura degli animali. La Casa delle farfalle \u00e8 una struttura che ospita pi\u00f9 di 400 specie di farfalle originarie di tanti paesi del mondo: quella pi\u00f9 grande \u00e8 la falena cobra. Le farfalle maschio sono colorate per attirare l\u2019attenzione delle femmine che invece devono essere pi\u00f9 grandi per contenere le uova, e di color marrone, per proteggersi mimetizzandosi facilmente. Manuela insegna a Daria un lavoretto da realizzare per ricordarsi il ciclo della vita delle farfalle. Alla fine di questa nuova esperienza, Daria non ha pi\u00f9 paura degli insetti e Manuela le regala una bella teca entomologica. Dopo aver fatto il gioco di Alc&amp;C\u00e8, imparato qualche nuova parola con \u201c99 Peraulis\u201d, guardato il video di \u201cBabarut l\u2019elefantut\u201d, insegnato un nuovo modo di dire, Daria si rilassa in salotto con Vigji, il suo gattino, e gli racconta le avventure della giornata. In chiusura, per i genitori, va in onda una breve videointervista ad Antonella Sorace: \u201cSe a sostenere la lingua minoritaria \u00e8 solo uno dei due genitori, come ci si deve comportare?\u201d.<\/p>\n<p>Conduttrice e autrice: Daria Miani<br>\nRegia: Luca Fornasiero<br>\nMusica: Flaviano Miani<br>\nRedazione e consulenza linguistica ARLeF: Priscilla De Agostini, Linda Picco, Miriam Pupini<br>\nResponsabile del progetto per l\u2019ARLeF: William Cisilino<br>\nCoordinamento per l\u2019ARLeF: Priscilla De Agostini<br>\nSigla Maman!: voce e parole di Daria Miani, musica di Flaviano Miani, foto di Silvia Raber, animazione di Pierangelo Buttazzoni e Davide Nicolicchia<br>\nLogo Maman!: Calt Udine<br>\nDurata: 20 minuti circa<\/p>\n<p>Contatti:<br>\narlef@regione.fvg.it<br>\nmaman@tvstar.com<\/p>\n<\/div>\n","protected":false},"featured_media":3244,"menu_order":23,"template":"","series":[37,51],"class_list":["post-645","video","type-video","status-publish","has-post-thumbnail","hentry","series-lis-pontadis-di-maman-it","series-stagione-1-it"],"acf":{"url_video":"A-_ox8KsBRQ","anno":"","video_correlati":"","risorse_correlate":"","n_ordine":0},"_links":{"self":[{"href":"https:\/\/ghiti.it\/it\/wp-json\/wp\/v2\/video\/645"}],"collection":[{"href":"https:\/\/ghiti.it\/it\/wp-json\/wp\/v2\/video"}],"about":[{"href":"https:\/\/ghiti.it\/it\/wp-json\/wp\/v2\/types\/video"}],"version-history":[{"count":3,"href":"https:\/\/ghiti.it\/it\/wp-json\/wp\/v2\/video\/645\/revisions"}],"predecessor-version":[{"id":9013,"href":"https:\/\/ghiti.it\/it\/wp-json\/wp\/v2\/video\/645\/revisions\/9013"}],"wp:featuredmedia":[{"embeddable":true,"href":"https:\/\/ghiti.it\/it\/wp-json\/wp\/v2\/media\/3244"}],"wp:attachment":[{"href":"https:\/\/ghiti.it\/it\/wp-json\/wp\/v2\/media?parent=645"}],"wp:term":[{"taxonomy":"series","embeddable":true,"href":"https:\/\/ghiti.it\/it\/wp-json\/wp\/v2\/series?post=645"}],"curies":[{"name":"wp","href":"https:\/\/api.w.org\/{rel}","templated":true}]}}

<div style="text-align: justify;">
<p><strong><em>Maman! La trasmissione per bambini tutta in lingua friulana</em></strong><strong><em><br>
</em></strong>In onda su Telefriuli (canale 11) ogni venerdì</p>
<p>Una produzione di ARLeF – Agenzia Regionale per la Lingua Friulana e di Telefriuli</p>
<p>In una casetta dai tanti colori abitano Daria e il gattino Vigji che trascorrono pomeriggi molto divertenti cantando canzoni, giocando, raccontando barzellette e leggendo storie. Di volta in volta bussano alla porta simpatici ospiti, ognuno con una propria storia particolare: cantanti, scrittori, illustratori, insegnanti, maghi, cantautori, attori, comici, musicisti, cuochi e tanti altri. Ad arricchire ogni puntata tante rubriche: “A ogni frut il so librut”, dedicata alla lettura di un libro illustrato in lingua friulana; il “Zûc”, con le illustrazioni di “Alc&amp;Cè”, inserto della “La Vita Cattolica”; “Master Cogo Furlan”, con la preparazione di facili piatti golosi; “99 Peraulis”, le carte illustrate per imparare parole in più lingue; i “Mûts di dî” e lo spazio dedicato ai video inviati dai bambini da casa. In chiusura, per gli adulti, una breve videointervista del progetto “Cressi cun plui lenghis” per informare e sensibilizzare i genitori, i nonni e gli educatori sui vantaggi del plurilinguismo.</p>
<p><strong>In questa puntata (23).</strong> Manuela Rossi va a trovare Daria per portare a termine una missione: farle cambiare idea sugli insetti che lei proprio non ama. Manuela è una naturalista, professoressa di scienze, che collabora anche con la Casa delle farfalle di Bordano dove si occupa della parte didattica e dell’allevamento e cura degli animali. La Casa delle farfalle è una struttura che ospita più di 400 specie di farfalle originarie di tanti paesi del mondo: quella più grande è la falena cobra. Le farfalle maschio sono colorate per attirare l’attenzione delle femmine che invece devono essere più grandi per contenere le uova, e di color marrone, per proteggersi mimetizzandosi facilmente. Manuela insegna a Daria un lavoretto da realizzare per ricordarsi il ciclo della vita delle farfalle. Alla fine di questa nuova esperienza, Daria non ha più paura degli insetti e Manuela le regala una bella teca entomologica. Dopo aver fatto il gioco di Alc&amp;Cè, imparato qualche nuova parola con “99 Peraulis”, guardato il video di “Babarut l’elefantut”, insegnato un nuovo modo di dire, Daria si rilassa in salotto con Vigji, il suo gattino, e gli racconta le avventure della giornata. In chiusura, per i genitori, va in onda una breve videointervista ad Antonella Sorace: “Se a sostenere la lingua minoritaria è solo uno dei due genitori, come ci si deve comportare?”.</p>
<p>Conduttrice e autrice: Daria Miani<br>
Regia: Luca Fornasiero<br>
Musica: Flaviano Miani<br>
Redazione e consulenza linguistica ARLeF: Priscilla De Agostini, Linda Picco, Miriam Pupini<br>
Responsabile del progetto per l’ARLeF: William Cisilino<br>
Coordinamento per l’ARLeF: Priscilla De Agostini<br>
Sigla Maman!: voce e parole di Daria Miani, musica di Flaviano Miani, foto di Silvia Raber, animazione di Pierangelo Buttazzoni e Davide Nicolicchia<br>
Logo Maman!: Calt Udine<br>
Durata: 20 minuti circa</p>
<p>Contatti:<br>
arlef@regione.fvg.it<br>
maman@tvstar.com</p>
</div>
