{"id":663,"date":"2020-08-27T12:23:23","date_gmt":"2020-08-27T12:23:23","guid":{"rendered":"https:\/\/ghiti.it\/video\/maman-02-11-primavera\/"},"modified":"2021-03-15T10:44:45","modified_gmt":"2021-03-15T10:44:45","slug":"maman-02-11-primavera","status":"publish","type":"video","link":"https:\/\/ghiti.it\/it\/video\/maman-02-11-primavera\/","title":{"rendered":"PRIMEVERE"},"content":{"rendered":"\n<p><strong><em>Maman! La trasmissione per bambini tutta in lingua friulana.<\/em><\/strong><strong><em><br>\n<\/em><\/strong>In onda su Telefriuli (canale 11) ogni venerd\u00ec<\/p>\n\n\n\n<p>Una produzione di ARLeF \u2013 Agenzia Regionale per la Lingua Friulana e di Telefriuli<\/p>\n\n\n\n<p>In una casetta dai tanti colori abitano Daria e il gattino Vigji. Ogni giorno vengono a trovarli la loro amica Chiara e anche Si\u00f4r Timp, un personaggio davvero stravagante: assieme trascorrono pomeriggi molto divertenti cantando canzoni, giocando, raccontando barzellette e leggendo storie.<\/p>\n\n\n\n<p><strong>In questa puntata: Primavera (11).<\/strong> Si\u00f4r Timp ha portato la primavera: quando arriva, il mondo si riempie di colori e la luce si scalda, le gemme nascono, i fiori riempiono l\u2019aria di profumi diversi: lui \u00e8 molto felice, il cuore gli batte forte e gli sembra di ballare assieme a lei: la primavera, la stagione degli amori. Ogni mattina pensa a lei e dunque ha deciso di invitarla fuori a cena utilizzando una farfalla come messaggera: ma \u00e8 difficile acchiapparla! Daria e Chiara si trovano in casa per preparare un piccolo orto da mettere in terrazza: \u00e8 arrivata la primavera e con lei le giornate pi\u00f9 lunghe e pi\u00f9 calde, ideali per giocare all\u2019aperto e per seminare. Le due amiche faranno un semenzario in un portauova di cartone utilizzando della terra, dei semi di insalata e un po\u2019 d\u2019acqua, per poi trapiantare le piantine nell\u2019orto o in un vaso pi\u00f9 grande. Finito il lavoro, cantano assieme \u201cVen cun me e je Primevere\u201d e Daria va a fare due chiacchiere con Vigji.<\/p>\n\n\n\n<p>Conduttrici e autrici: Daria Miani e Chiara Donada<br>\nCon la partecipazione di: Manuel Buttus<br>\nResponsabile di produzione ARLeF: William Cisilino<br>\nCoordinamento generale: Vittorio Vella (Deltastudios)<br>\nRegia: Luca Fornasiero<br>\nMusiche originali: Flaviano Miani (musica), Daria Miani (testi)<br>\nAnimazione sigla: Pierangelo Buttazzoni e Davide Nicolicchia<br>\nConsulenza linguistica e ottimizzazione: Linda Picco e Elena Zanussi (Calt sas)<br>\nDurata: 20 minuti circa<\/p>\n\n\n\n<p>Contatti:<br>\narlef@regione.fvg.it<br>\nmaman@tvstar.com<\/p>\n","protected":false},"featured_media":3208,"menu_order":11,"template":"","series":[37],"class_list":["post-663","video","type-video","status-publish","has-post-thumbnail","hentry","series-lis-pontadis-di-maman-it"],"acf":{"url_video":"DhdI-BCxtzw","anno":"","video_correlati":"","risorse_correlate":"","n_ordine":0},"_links":{"self":[{"href":"https:\/\/ghiti.it\/it\/wp-json\/wp\/v2\/video\/663"}],"collection":[{"href":"https:\/\/ghiti.it\/it\/wp-json\/wp\/v2\/video"}],"about":[{"href":"https:\/\/ghiti.it\/it\/wp-json\/wp\/v2\/types\/video"}],"version-history":[{"count":4,"href":"https:\/\/ghiti.it\/it\/wp-json\/wp\/v2\/video\/663\/revisions"}],"predecessor-version":[{"id":8992,"href":"https:\/\/ghiti.it\/it\/wp-json\/wp\/v2\/video\/663\/revisions\/8992"}],"wp:featuredmedia":[{"embeddable":true,"href":"https:\/\/ghiti.it\/it\/wp-json\/wp\/v2\/media\/3208"}],"wp:attachment":[{"href":"https:\/\/ghiti.it\/it\/wp-json\/wp\/v2\/media?parent=663"}],"wp:term":[{"taxonomy":"series","embeddable":true,"href":"https:\/\/ghiti.it\/it\/wp-json\/wp\/v2\/series?post=663"}],"curies":[{"name":"wp","href":"https:\/\/api.w.org\/{rel}","templated":true}]}}

<p><strong><em>Maman! La trasmissione per bambini tutta in lingua friulana.</em></strong><strong><em><br>
</em></strong>In onda su Telefriuli (canale 11) ogni venerdì</p>



<p>Una produzione di ARLeF – Agenzia Regionale per la Lingua Friulana e di Telefriuli</p>



<p>In una casetta dai tanti colori abitano Daria e il gattino Vigji. Ogni giorno vengono a trovarli la loro amica Chiara e anche Siôr Timp, un personaggio davvero stravagante: assieme trascorrono pomeriggi molto divertenti cantando canzoni, giocando, raccontando barzellette e leggendo storie.</p>



<p><strong>In questa puntata: Primavera (11).</strong> Siôr Timp ha portato la primavera: quando arriva, il mondo si riempie di colori e la luce si scalda, le gemme nascono, i fiori riempiono l’aria di profumi diversi: lui è molto felice, il cuore gli batte forte e gli sembra di ballare assieme a lei: la primavera, la stagione degli amori. Ogni mattina pensa a lei e dunque ha deciso di invitarla fuori a cena utilizzando una farfalla come messaggera: ma è difficile acchiapparla! Daria e Chiara si trovano in casa per preparare un piccolo orto da mettere in terrazza: è arrivata la primavera e con lei le giornate più lunghe e più calde, ideali per giocare all’aperto e per seminare. Le due amiche faranno un semenzario in un portauova di cartone utilizzando della terra, dei semi di insalata e un po’ d’acqua, per poi trapiantare le piantine nell’orto o in un vaso più grande. Finito il lavoro, cantano assieme “Ven cun me e je Primevere” e Daria va a fare due chiacchiere con Vigji.</p>



<p>Conduttrici e autrici: Daria Miani e Chiara Donada<br>
Con la partecipazione di: Manuel Buttus<br>
Responsabile di produzione ARLeF: William Cisilino<br>
Coordinamento generale: Vittorio Vella (Deltastudios)<br>
Regia: Luca Fornasiero<br>
Musiche originali: Flaviano Miani (musica), Daria Miani (testi)<br>
Animazione sigla: Pierangelo Buttazzoni e Davide Nicolicchia<br>
Consulenza linguistica e ottimizzazione: Linda Picco e Elena Zanussi (Calt sas)<br>
Durata: 20 minuti circa</p>



<p>Contatti:<br>
arlef@regione.fvg.it<br>
maman@tvstar.com</p>
