{"id":664,"date":"2020-08-27T12:23:23","date_gmt":"2020-08-27T12:23:23","guid":{"rendered":"https:\/\/ghiti.it\/video\/maman-02-12-buona-pasqua\/"},"modified":"2021-03-15T10:44:40","modified_gmt":"2021-03-15T10:44:40","slug":"maman-02-12-buona-pasqua","status":"publish","type":"video","link":"https:\/\/ghiti.it\/it\/video\/maman-02-12-buona-pasqua\/","title":{"rendered":"BUONA PASQUA"},"content":{"rendered":"\n<p class=\"has-text-align-left\"><em><strong>Maman! La trasmissione per bambini tutta in lingua friulana.<\/strong><\/em><br>\nIn onda su Telefriuli (canale 11) ogni venerd\u00ec<\/p>\n\n\n\n<p class=\"has-text-align-left\">Una produzione di ARLeF \u2013 Agenzia Regionale per la Lingua Friulana e di Telefriuli<\/p>\n\n\n\n<p class=\"has-text-align-left\">In una casetta dai tanti colori abitano Daria e il gattino Vigji. Ogni giorno vengono a trovarli la loro amica Chiara e anche Si\u00f4r Timp, un personaggio davvero stravagante: assieme trascorrono pomeriggi molto divertenti cantando canzoni, giocando, raccontando barzellette e leggendo storie.<\/p>\n\n\n\n<p class=\"has-text-align-left\"><strong>In questa puntata: Buona Pasqua (12).<\/strong> Mancano solo due giorni a Pasqua e Si\u00f4r Timp ha pensato di organizzare una bella caccia al tesoro per le sue amiche: solo quando risolveranno tutti i suoi indovinelli arriveranno alla loro sorpresa. Mander\u00e0 loro la colomba con un biglietto nel becco contenente il primo indizio. Daria e Chiara stanno giocando in giardino quando vedono il bigliettino portato dalla colomba: lo aprono e trovano gli auguri di buona Pasqua di Si\u00f4r Timp con anche la promessa di un regalino&#8230; da conquistare per\u00f2! Le due amiche iniziano allora la caccia al tesoro finch\u00e8 non trovano sotto il tavolo della cucina un bell\u2019uovo di Pasqua con un biglietto di auguri. Si ripromettono di aspettare Pasqua per aprire l\u2019uovo, anche se avrebbero davvero gola di mangiare un po\u2019 di cioccolato. Le due amiche cantano \u201cBuine Pasche jo tal d\u00ees\u201d e poi Daria racconta a Vigji di tutti i preparativi per la Pasqua.<\/p>\n\n\n\n<p class=\"has-text-align-left\">Conduttrici e autrici: Daria Miani e Chiara Donada<br>\nCon la partecipazione di: Manuel Buttus<br>\nResponsabile di produzione ARLeF: William Cisilino<br>\nCoordinamento generale: Vittorio Vella (Deltastudios)<br>\nRegia: Luca Fornasiero<br>\nMusiche originali: Flaviano Miani (musica), Daria Miani (testi)<br>\nAnimazione sigla: Pierangelo Buttazzoni e Davide Nicolicchia<br>\nConsulenza linguistica e ottimizzazione: Linda Picco e Elena Zanussi (Calt sas)<br>\nDurata: 20 minuti circa<\/p>\n\n\n\n<p class=\"has-text-align-left\">Contatti:<br>\narlef@regione.fvg.it<br>\nmaman@tvstar.com<\/p>\n","protected":false},"featured_media":3206,"menu_order":12,"template":"","series":[37],"class_list":["post-664","video","type-video","status-publish","has-post-thumbnail","hentry","series-lis-pontadis-di-maman-it"],"acf":{"url_video":"j2U60GWHggU","anno":"","video_correlati":"","risorse_correlate":"","n_ordine":0},"_links":{"self":[{"href":"https:\/\/ghiti.it\/it\/wp-json\/wp\/v2\/video\/664"}],"collection":[{"href":"https:\/\/ghiti.it\/it\/wp-json\/wp\/v2\/video"}],"about":[{"href":"https:\/\/ghiti.it\/it\/wp-json\/wp\/v2\/types\/video"}],"version-history":[{"count":4,"href":"https:\/\/ghiti.it\/it\/wp-json\/wp\/v2\/video\/664\/revisions"}],"predecessor-version":[{"id":8991,"href":"https:\/\/ghiti.it\/it\/wp-json\/wp\/v2\/video\/664\/revisions\/8991"}],"wp:featuredmedia":[{"embeddable":true,"href":"https:\/\/ghiti.it\/it\/wp-json\/wp\/v2\/media\/3206"}],"wp:attachment":[{"href":"https:\/\/ghiti.it\/it\/wp-json\/wp\/v2\/media?parent=664"}],"wp:term":[{"taxonomy":"series","embeddable":true,"href":"https:\/\/ghiti.it\/it\/wp-json\/wp\/v2\/series?post=664"}],"curies":[{"name":"wp","href":"https:\/\/api.w.org\/{rel}","templated":true}]}}

<p class="has-text-align-left"><em><strong>Maman! La trasmissione per bambini tutta in lingua friulana.</strong></em><br>
In onda su Telefriuli (canale 11) ogni venerdì</p>



<p class="has-text-align-left">Una produzione di ARLeF – Agenzia Regionale per la Lingua Friulana e di Telefriuli</p>



<p class="has-text-align-left">In una casetta dai tanti colori abitano Daria e il gattino Vigji. Ogni giorno vengono a trovarli la loro amica Chiara e anche Siôr Timp, un personaggio davvero stravagante: assieme trascorrono pomeriggi molto divertenti cantando canzoni, giocando, raccontando barzellette e leggendo storie.</p>



<p class="has-text-align-left"><strong>In questa puntata: Buona Pasqua (12).</strong> Mancano solo due giorni a Pasqua e Siôr Timp ha pensato di organizzare una bella caccia al tesoro per le sue amiche: solo quando risolveranno tutti i suoi indovinelli arriveranno alla loro sorpresa. Manderà loro la colomba con un biglietto nel becco contenente il primo indizio. Daria e Chiara stanno giocando in giardino quando vedono il bigliettino portato dalla colomba: lo aprono e trovano gli auguri di buona Pasqua di Siôr Timp con anche la promessa di un regalino&#8230; da conquistare però! Le due amiche iniziano allora la caccia al tesoro finchè non trovano sotto il tavolo della cucina un bell’uovo di Pasqua con un biglietto di auguri. Si ripromettono di aspettare Pasqua per aprire l’uovo, anche se avrebbero davvero gola di mangiare un po’ di cioccolato. Le due amiche cantano “Buine Pasche jo tal dîs” e poi Daria racconta a Vigji di tutti i preparativi per la Pasqua.</p>



<p class="has-text-align-left">Conduttrici e autrici: Daria Miani e Chiara Donada<br>
Con la partecipazione di: Manuel Buttus<br>
Responsabile di produzione ARLeF: William Cisilino<br>
Coordinamento generale: Vittorio Vella (Deltastudios)<br>
Regia: Luca Fornasiero<br>
Musiche originali: Flaviano Miani (musica), Daria Miani (testi)<br>
Animazione sigla: Pierangelo Buttazzoni e Davide Nicolicchia<br>
Consulenza linguistica e ottimizzazione: Linda Picco e Elena Zanussi (Calt sas)<br>
Durata: 20 minuti circa</p>



<p class="has-text-align-left">Contatti:<br>
arlef@regione.fvg.it<br>
maman@tvstar.com</p>
