{"id":666,"date":"2020-08-27T12:23:23","date_gmt":"2020-08-27T12:23:23","guid":{"rendered":"https:\/\/ghiti.it\/video\/maman-02-14-i-giorni-della-settimana\/"},"modified":"2021-03-15T10:44:57","modified_gmt":"2021-03-15T10:44:57","slug":"maman-02-14-i-giorni-della-settimana","status":"publish","type":"video","link":"https:\/\/ghiti.it\/it\/video\/maman-02-14-i-giorni-della-settimana\/","title":{"rendered":"I GIORNI DELLA SETTIMANA"},"content":{"rendered":"\n<p class=\"has-text-align-left\"><strong><em>Maman! La trasmissione per bambini tutta in lingua friulana.<\/em><\/strong><strong><em><br>\n<\/em><\/strong>In onda su Telefriuli (canale 11) ogni venerd\u00ec<\/p>\n\n\n\n<p class=\"has-text-align-left\">Una produzione di ARLeF \u2013 Agenzia Regionale per la Lingua Friulana e di Telefriuli<\/p>\n\n\n\n<p class=\"has-text-align-left\">In una casetta dai tanti colori abitano Daria e il gattino Vigji. Ogni giorno vengono a trovarli la loro amica Chiara e anche Si\u00f4r Timp, un personaggio davvero stravagante: assieme trascorrono pomeriggi molto divertenti cantando canzoni, giocando, raccontando barzellette e leggendo storie.<\/p>\n\n\n\n<p class=\"has-text-align-left\"><strong>In questa puntata: I giorni della settimana (14).<\/strong> Si\u00f4r Timp ha sempre poco tempo anche per vedere i suoi amici e ha molte cose da fare. Ripete la sua formula magica e propone il suo enigma da risolvere. Chiara e Daria sono molto impegnate tutta la settimana: il luned\u00ec si trovano per strada quando Chiara va ad un corso di francese e Daria di flauto traverso; il marted\u00ec Chiara va a pallacanestro e Daria a nuoto; il mercoled\u00ec per Chiara c\u2019\u00e8 la chitarra e per Daria la biblioteca; il gioved\u00ec mattina Chiara pulisce casa mentre Daria fa la spesa, ma nel pomeriggio Chiara fa la spesa e Daria pulisce. Venerd\u00ec finalmente, dopo aver corso tutta la settimana, si trovano a casa per giocare e pensano a quant\u2019\u00e8 bello il fine settimana quando si pu\u00f2 dormire tutta la mattina. Chiara spiega che, per non arrivare tardi e non dimenticarsi i suoi tanti impegni, ha realizzato un calendario con i simboli delle sue attivit\u00e0. Felici di questa idea, Daria e Chiara si mettono a cantare \u201cI d\u00ees de setemane\u201d e poi leggono \u201cDoi nonos scompagn\u00e2ts\u201d di Francesca Gregoricchio (ed. Kappa Vu).<\/p>\n\n\n\n<p class=\"has-text-align-left\">Conduttrici e autrici: Daria Miani e Chiara Donada<br>\nCon la partecipazione di: Manuel Buttus<br>\nResponsabile di produzione ARLeF: William Cisilino<br>\nCoordinamento generale: Vittorio Vella (Deltastudios)<br>\nRegia: Luca Fornasiero<br>\nMusiche originali: Flaviano Miani (musica), Daria Miani (testi)<br>\nAnimazione sigla: Pierangelo Buttazzoni e Davide Nicolicchia<br>\nConsulenza linguistica e ottimizzazione: Linda Picco e Elena Zanussi (Calt sas)<br>\nDurata: 20 minuti circa<\/p>\n\n\n\n<p class=\"has-text-align-left\">Contatti:<br>\narlef@regione.fvg.it<br>\nmaman@tvstar.com<\/p>\n","protected":false},"featured_media":3202,"menu_order":14,"template":"","series":[37],"class_list":["post-666","video","type-video","status-publish","has-post-thumbnail","hentry","series-lis-pontadis-di-maman-it"],"acf":{"url_video":"Fj-fdRUDB0s","anno":"","video_correlati":"","risorse_correlate":"","n_ordine":0},"_links":{"self":[{"href":"https:\/\/ghiti.it\/it\/wp-json\/wp\/v2\/video\/666"}],"collection":[{"href":"https:\/\/ghiti.it\/it\/wp-json\/wp\/v2\/video"}],"about":[{"href":"https:\/\/ghiti.it\/it\/wp-json\/wp\/v2\/types\/video"}],"version-history":[{"count":4,"href":"https:\/\/ghiti.it\/it\/wp-json\/wp\/v2\/video\/666\/revisions"}],"predecessor-version":[{"id":8995,"href":"https:\/\/ghiti.it\/it\/wp-json\/wp\/v2\/video\/666\/revisions\/8995"}],"wp:featuredmedia":[{"embeddable":true,"href":"https:\/\/ghiti.it\/it\/wp-json\/wp\/v2\/media\/3202"}],"wp:attachment":[{"href":"https:\/\/ghiti.it\/it\/wp-json\/wp\/v2\/media?parent=666"}],"wp:term":[{"taxonomy":"series","embeddable":true,"href":"https:\/\/ghiti.it\/it\/wp-json\/wp\/v2\/series?post=666"}],"curies":[{"name":"wp","href":"https:\/\/api.w.org\/{rel}","templated":true}]}}

<p class="has-text-align-left"><strong><em>Maman! La trasmissione per bambini tutta in lingua friulana.</em></strong><strong><em><br>
</em></strong>In onda su Telefriuli (canale 11) ogni venerdì</p>



<p class="has-text-align-left">Una produzione di ARLeF – Agenzia Regionale per la Lingua Friulana e di Telefriuli</p>



<p class="has-text-align-left">In una casetta dai tanti colori abitano Daria e il gattino Vigji. Ogni giorno vengono a trovarli la loro amica Chiara e anche Siôr Timp, un personaggio davvero stravagante: assieme trascorrono pomeriggi molto divertenti cantando canzoni, giocando, raccontando barzellette e leggendo storie.</p>



<p class="has-text-align-left"><strong>In questa puntata: I giorni della settimana (14).</strong> Siôr Timp ha sempre poco tempo anche per vedere i suoi amici e ha molte cose da fare. Ripete la sua formula magica e propone il suo enigma da risolvere. Chiara e Daria sono molto impegnate tutta la settimana: il lunedì si trovano per strada quando Chiara va ad un corso di francese e Daria di flauto traverso; il martedì Chiara va a pallacanestro e Daria a nuoto; il mercoledì per Chiara c’è la chitarra e per Daria la biblioteca; il giovedì mattina Chiara pulisce casa mentre Daria fa la spesa, ma nel pomeriggio Chiara fa la spesa e Daria pulisce. Venerdì finalmente, dopo aver corso tutta la settimana, si trovano a casa per giocare e pensano a quant’è bello il fine settimana quando si può dormire tutta la mattina. Chiara spiega che, per non arrivare tardi e non dimenticarsi i suoi tanti impegni, ha realizzato un calendario con i simboli delle sue attività. Felici di questa idea, Daria e Chiara si mettono a cantare “I dîs de setemane” e poi leggono “Doi nonos scompagnâts” di Francesca Gregoricchio (ed. Kappa Vu).</p>



<p class="has-text-align-left">Conduttrici e autrici: Daria Miani e Chiara Donada<br>
Con la partecipazione di: Manuel Buttus<br>
Responsabile di produzione ARLeF: William Cisilino<br>
Coordinamento generale: Vittorio Vella (Deltastudios)<br>
Regia: Luca Fornasiero<br>
Musiche originali: Flaviano Miani (musica), Daria Miani (testi)<br>
Animazione sigla: Pierangelo Buttazzoni e Davide Nicolicchia<br>
Consulenza linguistica e ottimizzazione: Linda Picco e Elena Zanussi (Calt sas)<br>
Durata: 20 minuti circa</p>



<p class="has-text-align-left">Contatti:<br>
arlef@regione.fvg.it<br>
maman@tvstar.com</p>
