{"id":676,"date":"2020-08-27T12:23:23","date_gmt":"2020-08-27T12:23:23","guid":{"rendered":"https:\/\/ghiti.it\/video\/maman-02-21-giugno\/"},"modified":"2021-03-15T10:45:17","modified_gmt":"2021-03-15T10:45:17","slug":"maman-02-21-giugno","status":"publish","type":"video","link":"https:\/\/ghiti.it\/it\/video\/maman-02-21-giugno\/","title":{"rendered":"JUGN"},"content":{"rendered":"\n<p class=\"has-text-align-left\"><strong><em>Maman! La trasmissione per bambini tutta in lingua friulana.<\/em><\/strong><strong><em><br>\n<\/em><\/strong>In onda su Telefriuli (canale 11) ogni venerd\u00ec<\/p>\n\n\n\n<p class=\"has-text-align-left\">Una produzione di ARLeF \u2013 Agenzia Regionale per la Lingua Friulana e di Telefriuli<\/p>\n\n\n\n<p class=\"has-text-align-left\">In una casetta dai tanti colori abitano Daria e il gattino Vigji. Ogni giorno vengono a trovarli la loro amica Chiara e anche Si\u00f4r Timp, un personaggio davvero stravagante: assieme trascorrono pomeriggi molto divertenti cantando canzoni, giocando, raccontando barzellette e leggendo storie.<\/p>\n\n\n\n<p class=\"has-text-align-left\"><strong>In questa puntata: Giugno (21).<\/strong> Chiara va a casa di Daria: dal giardino la chiama dicendole di scendere e di portare con s\u00e9 una paletta da spiaggia. Daria ricordandosi della volta in cui era scesa in tenuta da spiaggia in pieno inverno, non vuole cascarci di nuovo, tanto pi\u00f9 che, guardando dalla finestra, vede passare Si\u00f4r Timp tutto coperto con vestiti pesanti. Allora si copre bene e scende, facendo ridere di gusto Chiara che le spiega che oramai \u00e8 giugno e che l\u2019aria \u00e8 calda. Si\u00f4r Timp \u00e8 vestito cos\u00ec solo perch\u00e9 \u00e8 in partenza: va a trovare Autunno e Inverno in Argentina. Daria allora si toglie il giaccone e inizia a cantare \u201cM\u00eas di Jugn si taie la jerbe\u201d assieme alla sua amica. Leggono poi la storia di \u201cVanilie e soreli\u201d della collana Fameis (ed. KappaVu) e, verso sera, Daria racconta a Vigji la sua giornata.<\/p>\n\n\n\n<p class=\"has-text-align-left\">Conduttrici e autrici: Daria Miani e Chiara Donada<br>\nCon la partecipazione di: Manuel Buttus<br>\nResponsabile di produzione ARLeF: William Cisilino<br>\nCoordinamento generale: Vittorio Vella (Deltastudios)<br>\nRegia: Luca Fornasiero<br>\nMusiche originali: Flaviano Miani (musica), Daria Miani (testi)<br>\nAnimazione sigla: Pierangelo Buttazzoni e Davide Nicolicchia<br>\nConsulenza linguistica e ottimizzazione: Linda Picco e Elena Zanussi (Calt sas)<br>\nDurata: 20 minuti circa<\/p>\n\n\n\n<p class=\"has-text-align-left\">Contatti:<br>\narlef@regione.fvg.it<br>\nmaman@tvstar.com<\/p>\n","protected":false},"featured_media":3182,"menu_order":21,"template":"","series":[37],"class_list":["post-676","video","type-video","status-publish","has-post-thumbnail","hentry","series-lis-pontadis-di-maman-it"],"acf":{"url_video":"QJTfAkXgMi0","anno":"","video_correlati":"","risorse_correlate":"","n_ordine":0},"_links":{"self":[{"href":"https:\/\/ghiti.it\/it\/wp-json\/wp\/v2\/video\/676"}],"collection":[{"href":"https:\/\/ghiti.it\/it\/wp-json\/wp\/v2\/video"}],"about":[{"href":"https:\/\/ghiti.it\/it\/wp-json\/wp\/v2\/types\/video"}],"version-history":[{"count":4,"href":"https:\/\/ghiti.it\/it\/wp-json\/wp\/v2\/video\/676\/revisions"}],"predecessor-version":[{"id":9000,"href":"https:\/\/ghiti.it\/it\/wp-json\/wp\/v2\/video\/676\/revisions\/9000"}],"wp:featuredmedia":[{"embeddable":true,"href":"https:\/\/ghiti.it\/it\/wp-json\/wp\/v2\/media\/3182"}],"wp:attachment":[{"href":"https:\/\/ghiti.it\/it\/wp-json\/wp\/v2\/media?parent=676"}],"wp:term":[{"taxonomy":"series","embeddable":true,"href":"https:\/\/ghiti.it\/it\/wp-json\/wp\/v2\/series?post=676"}],"curies":[{"name":"wp","href":"https:\/\/api.w.org\/{rel}","templated":true}]}}

<p class="has-text-align-left"><strong><em>Maman! La trasmissione per bambini tutta in lingua friulana.</em></strong><strong><em><br>
</em></strong>In onda su Telefriuli (canale 11) ogni venerdì</p>



<p class="has-text-align-left">Una produzione di ARLeF – Agenzia Regionale per la Lingua Friulana e di Telefriuli</p>



<p class="has-text-align-left">In una casetta dai tanti colori abitano Daria e il gattino Vigji. Ogni giorno vengono a trovarli la loro amica Chiara e anche Siôr Timp, un personaggio davvero stravagante: assieme trascorrono pomeriggi molto divertenti cantando canzoni, giocando, raccontando barzellette e leggendo storie.</p>



<p class="has-text-align-left"><strong>In questa puntata: Giugno (21).</strong> Chiara va a casa di Daria: dal giardino la chiama dicendole di scendere e di portare con sé una paletta da spiaggia. Daria ricordandosi della volta in cui era scesa in tenuta da spiaggia in pieno inverno, non vuole cascarci di nuovo, tanto più che, guardando dalla finestra, vede passare Siôr Timp tutto coperto con vestiti pesanti. Allora si copre bene e scende, facendo ridere di gusto Chiara che le spiega che oramai è giugno e che l’aria è calda. Siôr Timp è vestito così solo perché è in partenza: va a trovare Autunno e Inverno in Argentina. Daria allora si toglie il giaccone e inizia a cantare “Mês di Jugn si taie la jerbe” assieme alla sua amica. Leggono poi la storia di “Vanilie e soreli” della collana Fameis (ed. KappaVu) e, verso sera, Daria racconta a Vigji la sua giornata.</p>



<p class="has-text-align-left">Conduttrici e autrici: Daria Miani e Chiara Donada<br>
Con la partecipazione di: Manuel Buttus<br>
Responsabile di produzione ARLeF: William Cisilino<br>
Coordinamento generale: Vittorio Vella (Deltastudios)<br>
Regia: Luca Fornasiero<br>
Musiche originali: Flaviano Miani (musica), Daria Miani (testi)<br>
Animazione sigla: Pierangelo Buttazzoni e Davide Nicolicchia<br>
Consulenza linguistica e ottimizzazione: Linda Picco e Elena Zanussi (Calt sas)<br>
Durata: 20 minuti circa</p>



<p class="has-text-align-left">Contatti:<br>
arlef@regione.fvg.it<br>
maman@tvstar.com</p>
