{"id":722,"date":"2020-08-27T12:23:30","date_gmt":"2020-08-27T12:23:30","guid":{"rendered":"https:\/\/ghiti.it\/video\/maman-03-14-mangiar-sano\/"},"modified":"2021-03-15T10:43:45","modified_gmt":"2021-03-15T10:43:45","slug":"maman-03-14-mangiar-sano","status":"publish","type":"video","link":"https:\/\/ghiti.it\/it\/video\/maman-03-14-mangiar-sano\/","title":{"rendered":"MANGJ\u00c2 SAN"},"content":{"rendered":"\n<p><strong><em>Maman! La trasmissione per bambini tutta in lingua friulana.<\/em><\/strong><strong><em><br>\n<\/em><\/strong>In onda su Telefriuli (canale 11) ogni venerd\u00ec<\/p>\n\n\n\n<p>Una produzione di ARLeF \u2013 Agenzia Regionale per la Lingua Friulana e di Telefriuli<\/p>\n\n\n\n<p>In una casetta dai tanti colori abitano Daria e il gattino Vigji. Ogni giorno vengono a trovarli la loro amica Chiara e anche due simpatici personaggi, la rana inglese Free e la mosca friulana Ulli: assieme trascorrono pomeriggi molto divertenti cantando canzoni, giocando, raccontando barzellette e leggendo storie.<\/p>\n\n\n\n<p><strong>In questa puntata: Mangiar sano (14).<\/strong> Daria dovrebbe mettersi a dieta perch\u00e9 troppi dolci e schifezze le fanno male, ma proprio non ci riesce! Grazie a Chiara e ai suoi consigli, per\u00f2, Daria capisce che mangiare sano \u00e8 molto importante per la propria salute. Chiara e Daria, assieme agli amici Free &amp; Ulli, cantando e giocando ci insegnano quali sono i cibi da evitare e che per crescere sani e forti \u00e8 importante mangiare in maniera varia ma senza esagerare. Vigji non \u00e8 convinto che Daria si sia messa a dieta ma dovr\u00e0 presto ricredersi perch\u00e9 anche lui dovr\u00e0 attenersi alla scelta della sua padroncina per mantenersi in forma.<\/p>\n\n\n\n<p>Conduttrici e autrici: Daria Miani e Chiara Donada<br>\nCon la partecipazione di: Silvia Piani e Silvia Gazzetta (Free &amp; Ulli)<br>\nResponsabile di produzione ARLeF: William Cisilino<br>\nCoordinamento generale: Vittorio Vella (Deltastudios)<br>\nRegia e animazione sigla: Tommaso Ravo<br>\nMusiche originali: Flaviano Miani (musica), Daria Miani (testi)<br>\nConsulenza linguistica e ottimizzazione: Michele Calligaris e Linda Picco \u2013 Sportello regionale per la lingua friulana\/ Calt<br>\nDurata: 20 minuti circa<\/p>\n\n\n\n<p>Contatti:<br>\narlef@regione.fvg.it<br>\nmaman@tvstar.com<\/p>\n","protected":false},"featured_media":3090,"menu_order":14,"template":"","series":[37,53],"class_list":["post-722","video","type-video","status-publish","has-post-thumbnail","hentry","series-lis-pontadis-di-maman-it","series-stagione-3"],"acf":{"url_video":"h72wrdhBNbc","anno":"","video_correlati":"","risorse_correlate":"","n_ordine":0},"_links":{"self":[{"href":"https:\/\/ghiti.it\/it\/wp-json\/wp\/v2\/video\/722"}],"collection":[{"href":"https:\/\/ghiti.it\/it\/wp-json\/wp\/v2\/video"}],"about":[{"href":"https:\/\/ghiti.it\/it\/wp-json\/wp\/v2\/types\/video"}],"version-history":[{"count":4,"href":"https:\/\/ghiti.it\/it\/wp-json\/wp\/v2\/video\/722\/revisions"}],"predecessor-version":[{"id":8978,"href":"https:\/\/ghiti.it\/it\/wp-json\/wp\/v2\/video\/722\/revisions\/8978"}],"wp:featuredmedia":[{"embeddable":true,"href":"https:\/\/ghiti.it\/it\/wp-json\/wp\/v2\/media\/3090"}],"wp:attachment":[{"href":"https:\/\/ghiti.it\/it\/wp-json\/wp\/v2\/media?parent=722"}],"wp:term":[{"taxonomy":"series","embeddable":true,"href":"https:\/\/ghiti.it\/it\/wp-json\/wp\/v2\/series?post=722"}],"curies":[{"name":"wp","href":"https:\/\/api.w.org\/{rel}","templated":true}]}}

MANGJÂ SAN

<p><strong><em>Maman! La trasmissione per bambini tutta in lingua friulana.</em></strong><strong><em><br>
</em></strong>In onda su Telefriuli (canale 11) ogni venerdì</p>



<p>Una produzione di ARLeF – Agenzia Regionale per la Lingua Friulana e di Telefriuli</p>



<p>In una casetta dai tanti colori abitano Daria e il gattino Vigji. Ogni giorno vengono a trovarli la loro amica Chiara e anche due simpatici personaggi, la rana inglese Free e la mosca friulana Ulli: assieme trascorrono pomeriggi molto divertenti cantando canzoni, giocando, raccontando barzellette e leggendo storie.</p>



<p><strong>In questa puntata: Mangiar sano (14).</strong> Daria dovrebbe mettersi a dieta perché troppi dolci e schifezze le fanno male, ma proprio non ci riesce! Grazie a Chiara e ai suoi consigli, però, Daria capisce che mangiare sano è molto importante per la propria salute. Chiara e Daria, assieme agli amici Free &amp; Ulli, cantando e giocando ci insegnano quali sono i cibi da evitare e che per crescere sani e forti è importante mangiare in maniera varia ma senza esagerare. Vigji non è convinto che Daria si sia messa a dieta ma dovrà presto ricredersi perché anche lui dovrà attenersi alla scelta della sua padroncina per mantenersi in forma.</p>



<p>Conduttrici e autrici: Daria Miani e Chiara Donada<br>
Con la partecipazione di: Silvia Piani e Silvia Gazzetta (Free &amp; Ulli)<br>
Responsabile di produzione ARLeF: William Cisilino<br>
Coordinamento generale: Vittorio Vella (Deltastudios)<br>
Regia e animazione sigla: Tommaso Ravo<br>
Musiche originali: Flaviano Miani (musica), Daria Miani (testi)<br>
Consulenza linguistica e ottimizzazione: Michele Calligaris e Linda Picco – Sportello regionale per la lingua friulana/ Calt<br>
Durata: 20 minuti circa</p>



<p>Contatti:<br>
arlef@regione.fvg.it<br>
maman@tvstar.com</p>
