{"id":725,"date":"2020-08-27T12:23:33","date_gmt":"2020-08-27T12:23:33","guid":{"rendered":"https:\/\/ghiti.it\/video\/maman-03-17-il-giorno-di-san-valentino\/"},"modified":"2021-03-15T10:42:59","modified_gmt":"2021-03-15T10:42:59","slug":"maman-03-17-il-giorno-di-san-valentino","status":"publish","type":"video","link":"https:\/\/ghiti.it\/it\/video\/maman-03-17-il-giorno-di-san-valentino\/","title":{"rendered":"LA D\u00cc DI SAN VALANTIN"},"content":{"rendered":"\n<p><strong><em>Maman! La trasmissione per bambini tutta in lingua friulana.<\/em><\/strong><strong><em><br>\n<\/em><\/strong>In onda su Telefriuli (canale 11) ogni venerd\u00ec<\/p>\n\n\n\n<p>Una produzione di ARLeF \u2013 Agenzia Regionale per la Lingua Friulana e di Telefriuli<\/p>\n\n\n\n<p>In una casetta dai tanti colori abitano Daria e il gattino Vigji. Ogni giorno vengono a trovarli la loro amica Chiara e anche due simpatici personaggi, la rana inglese Free e la mosca friulana Ulli: assieme trascorrono pomeriggi molto divertenti cantando canzoni, giocando, raccontando barzellette e leggendo storie.<\/p>\n\n\n\n<p><strong>In questa puntata: Il giorno di San Valentino (17).<\/strong> Oggi sembra che a Maman! tutti abbiano la testa tra le nuvole. Daria canta e si fa bella per un appuntamento romantico, Chiara scrive dolci poesie e Ulli gironzola distratto con una chiave in mano. Cosa sar\u00e0 mai successo? Ma \u00e8 chiaro, il 14 febbraio \u00e8 il giorno di San Valentino, la festa dedicata a tutti gli innamorati. In Friuli \u00e8 una festa molto antica e a Udine, in borgo Prachiuso, vi \u00e8 una chiesa dedicata proprio a San Valentino: nella giornata del 14 febbraio, nel borgo \u00e8 ancora usanza festeggiare la ricorrenza girando tra le bancarelle allestite per l\u2019occasione e fare con il pane i <em>cola\u00e7s <\/em>a forma di 8 e le chiavi di San Valentino, simboli di protezione e guarigione. A fine giornata, Daria ragiona con Vigji sul valore dell\u2019amore e su come le persone che ti amano veramente ti apprezzano cos\u00ec come sei e senza condizioni.<\/p>\n\n\n\n<p>Conduttrici e autrici: Daria Miani e Chiara Donada<br>\nCon la partecipazione di: Silvia Piani e Silvia Gazzetta (Free &amp; Ulli)<br>\nResponsabile di produzione ARLeF: William Cisilino<br>\nCoordinamento generale: Vittorio Vella (Deltastudios)<br>\nRegia e animazione sigla: Tommaso Ravo<br>\nMusiche originali: Flaviano Miani (musica), Daria Miani (testi)<br>\nConsulenza linguistica e ottimizzazione: Michele Calligaris e Linda Picco \u2013 Sportello regionale per la lingua friulana\/ Calt<br>\nDurata: 20 minuti circa<\/p>\n\n\n\n<p>Contatti:<br>\narlef@regione.fvg.it<br>\nmaman@tvstar.com<\/p>\n","protected":false},"featured_media":3084,"menu_order":17,"template":"","series":[37,53],"class_list":["post-725","video","type-video","status-publish","has-post-thumbnail","hentry","series-lis-pontadis-di-maman-it","series-stagione-3"],"acf":{"url_video":"NRpqXXTYgUc","anno":"","video_correlati":"","risorse_correlate":"","n_ordine":0},"_links":{"self":[{"href":"https:\/\/ghiti.it\/it\/wp-json\/wp\/v2\/video\/725"}],"collection":[{"href":"https:\/\/ghiti.it\/it\/wp-json\/wp\/v2\/video"}],"about":[{"href":"https:\/\/ghiti.it\/it\/wp-json\/wp\/v2\/types\/video"}],"version-history":[{"count":4,"href":"https:\/\/ghiti.it\/it\/wp-json\/wp\/v2\/video\/725\/revisions"}],"predecessor-version":[{"id":8967,"href":"https:\/\/ghiti.it\/it\/wp-json\/wp\/v2\/video\/725\/revisions\/8967"}],"wp:featuredmedia":[{"embeddable":true,"href":"https:\/\/ghiti.it\/it\/wp-json\/wp\/v2\/media\/3084"}],"wp:attachment":[{"href":"https:\/\/ghiti.it\/it\/wp-json\/wp\/v2\/media?parent=725"}],"wp:term":[{"taxonomy":"series","embeddable":true,"href":"https:\/\/ghiti.it\/it\/wp-json\/wp\/v2\/series?post=725"}],"curies":[{"name":"wp","href":"https:\/\/api.w.org\/{rel}","templated":true}]}}

LA DÌ DI SAN VALANTIN

<p><strong><em>Maman! La trasmissione per bambini tutta in lingua friulana.</em></strong><strong><em><br>
</em></strong>In onda su Telefriuli (canale 11) ogni venerdì</p>



<p>Una produzione di ARLeF – Agenzia Regionale per la Lingua Friulana e di Telefriuli</p>



<p>In una casetta dai tanti colori abitano Daria e il gattino Vigji. Ogni giorno vengono a trovarli la loro amica Chiara e anche due simpatici personaggi, la rana inglese Free e la mosca friulana Ulli: assieme trascorrono pomeriggi molto divertenti cantando canzoni, giocando, raccontando barzellette e leggendo storie.</p>



<p><strong>In questa puntata: Il giorno di San Valentino (17).</strong> Oggi sembra che a Maman! tutti abbiano la testa tra le nuvole. Daria canta e si fa bella per un appuntamento romantico, Chiara scrive dolci poesie e Ulli gironzola distratto con una chiave in mano. Cosa sarà mai successo? Ma è chiaro, il 14 febbraio è il giorno di San Valentino, la festa dedicata a tutti gli innamorati. In Friuli è una festa molto antica e a Udine, in borgo Prachiuso, vi è una chiesa dedicata proprio a San Valentino: nella giornata del 14 febbraio, nel borgo è ancora usanza festeggiare la ricorrenza girando tra le bancarelle allestite per l’occasione e fare con il pane i <em>colaçs </em>a forma di 8 e le chiavi di San Valentino, simboli di protezione e guarigione. A fine giornata, Daria ragiona con Vigji sul valore dell’amore e su come le persone che ti amano veramente ti apprezzano così come sei e senza condizioni.</p>



<p>Conduttrici e autrici: Daria Miani e Chiara Donada<br>
Con la partecipazione di: Silvia Piani e Silvia Gazzetta (Free &amp; Ulli)<br>
Responsabile di produzione ARLeF: William Cisilino<br>
Coordinamento generale: Vittorio Vella (Deltastudios)<br>
Regia e animazione sigla: Tommaso Ravo<br>
Musiche originali: Flaviano Miani (musica), Daria Miani (testi)<br>
Consulenza linguistica e ottimizzazione: Michele Calligaris e Linda Picco – Sportello regionale per la lingua friulana/ Calt<br>
Durata: 20 minuti circa</p>



<p>Contatti:<br>
arlef@regione.fvg.it<br>
maman@tvstar.com</p>
