{"id":727,"date":"2020-08-27T12:23:33","date_gmt":"2020-08-27T12:23:33","guid":{"rendered":"https:\/\/ghiti.it\/video\/maman-03-19-viaggiare\/"},"modified":"2021-03-15T10:43:08","modified_gmt":"2021-03-15T10:43:08","slug":"maman-03-19-viaggiare","status":"publish","type":"video","link":"https:\/\/ghiti.it\/it\/video\/maman-03-19-viaggiare\/","title":{"rendered":"VIAZ\u00c2"},"content":{"rendered":"\n<p><strong><em>Maman! La trasmissione per bambini tutta in lingua friulana.<\/em><\/strong><strong><em><br>\n<\/em><\/strong>In onda su Telefriuli (canale 11) ogni venerd\u00ec<\/p>\n\n\n\n<p>Una produzione di ARLeF \u2013 Agenzia Regionale per la Lingua Friulana e di Telefriuli<\/p>\n\n\n\n<p>In una casetta dai tanti colori abitano Daria e il gattino Vigji. Ogni giorno vengono a trovarli la loro amica Chiara e anche due simpatici personaggi, la rana inglese Free e la mosca friulana Ulli: assieme trascorrono pomeriggi molto divertenti cantando canzoni, giocando, raccontando barzellette e leggendo storie.<\/p>\n\n\n\n<p><strong>In questa puntata: Viaggiare (19).<\/strong> Fervono i preparativi per la partenza, Daria e Chiara sono sempre in giro! Questa volta si sposteranno con l\u2019aereo e poi Daria ci far\u00e0 vedere come \u00e8 facile prendere un autobus. Per viaggiare e muoversi con i mezzi di trasporto, per\u00f2, \u00e8 importante rispettare delle regole. Sull\u2019aereo, ad esempio, non \u00e8 consentito portare bagagli che superino un certo limite di peso e bisogna controllare di avere con s\u00e9 tutti i documenti. Sull\u2019autobus, invece, \u00e8 bene non distrarre l\u2019autista o disturbare gli altri passeggeri e ricordarsi sempre di timbrare il biglietto, appena saliti a bordo. Le regole ci aiutano a mantenere la calma in caso di emergenza e a capire i comportamenti utili per vivere bene ogni viaggio: Daria lo spiega anche a Vigji, a fine giornata.<\/p>\n\n\n\n<p>Conduttrici e autrici: Daria Miani e Chiara Donada<br>\nCon la partecipazione di: Silvia Piani e Silvia Gazzetta (Free &amp; Ulli)<br>\nResponsabile di produzione ARLeF: William Cisilino<br>\nCoordinamento generale: Vittorio Vella (Deltastudios)<br>\nRegia e animazione sigla: Tommaso Ravo<br>\nMusiche originali: Flaviano Miani (musica), Daria Miani (testi)<br>\nConsulenza linguistica e ottimizzazione: Michele Calligaris e Linda Picco \u2013 Sportello regionale per la lingua friulana\/ Calt<br>\nDurata: 20 minuti circa<\/p>\n\n\n\n<p>Contatti:<br>\narlef@regione.fvg.it<br>\nmaman@tvstar.com<\/p>\n","protected":false},"featured_media":3080,"menu_order":19,"template":"","series":[37,53],"class_list":["post-727","video","type-video","status-publish","has-post-thumbnail","hentry","series-lis-pontadis-di-maman-it","series-stagione-3"],"acf":{"url_video":"8u8whmE4bAo","anno":"","video_correlati":"","risorse_correlate":"","n_ordine":0},"_links":{"self":[{"href":"https:\/\/ghiti.it\/it\/wp-json\/wp\/v2\/video\/727"}],"collection":[{"href":"https:\/\/ghiti.it\/it\/wp-json\/wp\/v2\/video"}],"about":[{"href":"https:\/\/ghiti.it\/it\/wp-json\/wp\/v2\/types\/video"}],"version-history":[{"count":4,"href":"https:\/\/ghiti.it\/it\/wp-json\/wp\/v2\/video\/727\/revisions"}],"predecessor-version":[{"id":8969,"href":"https:\/\/ghiti.it\/it\/wp-json\/wp\/v2\/video\/727\/revisions\/8969"}],"wp:featuredmedia":[{"embeddable":true,"href":"https:\/\/ghiti.it\/it\/wp-json\/wp\/v2\/media\/3080"}],"wp:attachment":[{"href":"https:\/\/ghiti.it\/it\/wp-json\/wp\/v2\/media?parent=727"}],"wp:term":[{"taxonomy":"series","embeddable":true,"href":"https:\/\/ghiti.it\/it\/wp-json\/wp\/v2\/series?post=727"}],"curies":[{"name":"wp","href":"https:\/\/api.w.org\/{rel}","templated":true}]}}

VIAZÂ

<p><strong><em>Maman! La trasmissione per bambini tutta in lingua friulana.</em></strong><strong><em><br>
</em></strong>In onda su Telefriuli (canale 11) ogni venerdì</p>



<p>Una produzione di ARLeF – Agenzia Regionale per la Lingua Friulana e di Telefriuli</p>



<p>In una casetta dai tanti colori abitano Daria e il gattino Vigji. Ogni giorno vengono a trovarli la loro amica Chiara e anche due simpatici personaggi, la rana inglese Free e la mosca friulana Ulli: assieme trascorrono pomeriggi molto divertenti cantando canzoni, giocando, raccontando barzellette e leggendo storie.</p>



<p><strong>In questa puntata: Viaggiare (19).</strong> Fervono i preparativi per la partenza, Daria e Chiara sono sempre in giro! Questa volta si sposteranno con l’aereo e poi Daria ci farà vedere come è facile prendere un autobus. Per viaggiare e muoversi con i mezzi di trasporto, però, è importante rispettare delle regole. Sull’aereo, ad esempio, non è consentito portare bagagli che superino un certo limite di peso e bisogna controllare di avere con sé tutti i documenti. Sull’autobus, invece, è bene non distrarre l’autista o disturbare gli altri passeggeri e ricordarsi sempre di timbrare il biglietto, appena saliti a bordo. Le regole ci aiutano a mantenere la calma in caso di emergenza e a capire i comportamenti utili per vivere bene ogni viaggio: Daria lo spiega anche a Vigji, a fine giornata.</p>



<p>Conduttrici e autrici: Daria Miani e Chiara Donada<br>
Con la partecipazione di: Silvia Piani e Silvia Gazzetta (Free &amp; Ulli)<br>
Responsabile di produzione ARLeF: William Cisilino<br>
Coordinamento generale: Vittorio Vella (Deltastudios)<br>
Regia e animazione sigla: Tommaso Ravo<br>
Musiche originali: Flaviano Miani (musica), Daria Miani (testi)<br>
Consulenza linguistica e ottimizzazione: Michele Calligaris e Linda Picco – Sportello regionale per la lingua friulana/ Calt<br>
Durata: 20 minuti circa</p>



<p>Contatti:<br>
arlef@regione.fvg.it<br>
maman@tvstar.com</p>
