{"id":728,"date":"2020-08-27T12:23:33","date_gmt":"2020-08-27T12:23:33","guid":{"rendered":"https:\/\/ghiti.it\/video\/maman-03-20-girotondo-delle-posizioni\/"},"modified":"2021-03-15T10:42:28","modified_gmt":"2021-03-15T10:42:28","slug":"maman-03-20-girotondo-delle-posizioni","status":"publish","type":"video","link":"https:\/\/ghiti.it\/it\/video\/maman-03-20-girotondo-delle-posizioni\/","title":{"rendered":"Z\u00ceR IN TONT DES POSIZIONS"},"content":{"rendered":"\n<p><strong><em>Maman! La trasmissione per bambini tutta in lingua friulana.<\/em><\/strong><strong><em><br>\n<\/em><\/strong>In onda su Telefriuli (canale 11) ogni venerd\u00ec<\/p>\n\n\n\n<p>Una produzione di ARLeF \u2013 Agenzia Regionale per la Lingua Friulana e di Telefriuli<\/p>\n\n\n\n<p>In una casetta dai tanti colori abitano Daria e il gattino Vigji. Ogni giorno vengono a trovarli la loro amica Chiara e anche due simpatici personaggi, la rana inglese Free e la mosca friulana Ulli: assieme trascorrono pomeriggi molto divertenti cantando canzoni, giocando, raccontando barzellette e leggendo storie.<\/p>\n\n\n\n<p><strong>In questa puntata: Girotondo delle posizioni (20).<\/strong> Daria non trova il suo zaino. Dove l\u2019avr\u00e0 lasciato? Forse l\u2019ha dimenticato a casa di Chiara, dunque le telefona per chiederglielo. Daria le d\u00e0 delle indicazioni per aiutarla a cercalo ma niente, lo zaino non si trova. Meno male che ci sono i bimbi da casa che aiuteranno Chiara e Daria a ritrovarlo! Poi Daria e Free vanno a Udine: si devono incontrare con Chiara in biblioteca ma Daria, che si trova in piazza San Giacomo, non si ricorda pi\u00f9 come raggiungerla. Grazie alle indicazioni di Chiara, per\u00f2, riuscir\u00e0 ad orientarsi facilmente e a raggiungere la sua amica, cantando tutti assieme la canzone \u201cZ\u00eer in tond des posizions\u201d. Alla fine, leggono \u201cPi\u00e7uli voris\u201d (Futura edizioni).<\/p>\n\n\n\n<p>Conduttrici e autrici: Daria Miani e Chiara Donada<br>\nCon la partecipazione di: Silvia Piani e Silvia Gazzetta (Free &amp; Ulli)<br>\nResponsabile di produzione ARLeF: William Cisilino<br>\nCoordinamento generale: Vittorio Vella (Deltastudios)<br>\nRegia e animazione sigla: Tommaso Ravo<br>\nMusiche originali: Flaviano Miani (musica), Daria Miani (testi)<br>\nConsulenza linguistica e ottimizzazione: Michele Calligaris e Linda Picco \u2013 Sportello regionale per la lingua friulana\/ Calt<br>\nDurata: 20 minuti circa<\/p>\n\n\n\n<p>Contatti:<br>\narlef@regione.fvg.it<br>\nmaman@tvstar.com<\/p>\n","protected":false},"featured_media":3078,"menu_order":20,"template":"","series":[37,53],"class_list":["post-728","video","type-video","status-publish","has-post-thumbnail","hentry","series-lis-pontadis-di-maman-it","series-stagione-3"],"acf":{"url_video":"p1kOLPtbDwY","anno":"","video_correlati":"","risorse_correlate":"","n_ordine":0},"_links":{"self":[{"href":"https:\/\/ghiti.it\/it\/wp-json\/wp\/v2\/video\/728"}],"collection":[{"href":"https:\/\/ghiti.it\/it\/wp-json\/wp\/v2\/video"}],"about":[{"href":"https:\/\/ghiti.it\/it\/wp-json\/wp\/v2\/types\/video"}],"version-history":[{"count":4,"href":"https:\/\/ghiti.it\/it\/wp-json\/wp\/v2\/video\/728\/revisions"}],"predecessor-version":[{"id":8960,"href":"https:\/\/ghiti.it\/it\/wp-json\/wp\/v2\/video\/728\/revisions\/8960"}],"wp:featuredmedia":[{"embeddable":true,"href":"https:\/\/ghiti.it\/it\/wp-json\/wp\/v2\/media\/3078"}],"wp:attachment":[{"href":"https:\/\/ghiti.it\/it\/wp-json\/wp\/v2\/media?parent=728"}],"wp:term":[{"taxonomy":"series","embeddable":true,"href":"https:\/\/ghiti.it\/it\/wp-json\/wp\/v2\/series?post=728"}],"curies":[{"name":"wp","href":"https:\/\/api.w.org\/{rel}","templated":true}]}}

ZÎR IN TONT DES POSIZIONS

<p><strong><em>Maman! La trasmissione per bambini tutta in lingua friulana.</em></strong><strong><em><br>
</em></strong>In onda su Telefriuli (canale 11) ogni venerdì</p>



<p>Una produzione di ARLeF – Agenzia Regionale per la Lingua Friulana e di Telefriuli</p>



<p>In una casetta dai tanti colori abitano Daria e il gattino Vigji. Ogni giorno vengono a trovarli la loro amica Chiara e anche due simpatici personaggi, la rana inglese Free e la mosca friulana Ulli: assieme trascorrono pomeriggi molto divertenti cantando canzoni, giocando, raccontando barzellette e leggendo storie.</p>



<p><strong>In questa puntata: Girotondo delle posizioni (20).</strong> Daria non trova il suo zaino. Dove l’avrà lasciato? Forse l’ha dimenticato a casa di Chiara, dunque le telefona per chiederglielo. Daria le dà delle indicazioni per aiutarla a cercalo ma niente, lo zaino non si trova. Meno male che ci sono i bimbi da casa che aiuteranno Chiara e Daria a ritrovarlo! Poi Daria e Free vanno a Udine: si devono incontrare con Chiara in biblioteca ma Daria, che si trova in piazza San Giacomo, non si ricorda più come raggiungerla. Grazie alle indicazioni di Chiara, però, riuscirà ad orientarsi facilmente e a raggiungere la sua amica, cantando tutti assieme la canzone “Zîr in tond des posizions”. Alla fine, leggono “Piçuli voris” (Futura edizioni).</p>



<p>Conduttrici e autrici: Daria Miani e Chiara Donada<br>
Con la partecipazione di: Silvia Piani e Silvia Gazzetta (Free &amp; Ulli)<br>
Responsabile di produzione ARLeF: William Cisilino<br>
Coordinamento generale: Vittorio Vella (Deltastudios)<br>
Regia e animazione sigla: Tommaso Ravo<br>
Musiche originali: Flaviano Miani (musica), Daria Miani (testi)<br>
Consulenza linguistica e ottimizzazione: Michele Calligaris e Linda Picco – Sportello regionale per la lingua friulana/ Calt<br>
Durata: 20 minuti circa</p>



<p>Contatti:<br>
arlef@regione.fvg.it<br>
maman@tvstar.com</p>
