{"id":743,"date":"2020-08-27T12:23:37","date_gmt":"2020-08-27T12:23:37","guid":{"rendered":"https:\/\/ghiti.it\/video\/maman-03-33-la-paura\/"},"modified":"2021-03-15T13:42:38","modified_gmt":"2021-03-15T13:42:38","slug":"maman-03-33-la-paura","status":"publish","type":"video","link":"https:\/\/ghiti.it\/it\/video\/maman-03-33-la-paura\/","title":{"rendered":"LA P\u00d4RE"},"content":{"rendered":"\n<p><strong><em>Maman! La trasmissione per bambini tutta in lingua friulana.<\/em><\/strong><strong><em><br>\n<\/em><\/strong>In onda su Telefriuli (canale 11) ogni venerd\u00ec<\/p>\n\n\n\n<p>Una produzione di ARLeF \u2013 Agenzia Regionale per la Lingua Friulana e di Telefriuli<\/p>\n\n\n\n<p>In una casetta dai tanti colori abitano Daria e il gattino Vigji. Ogni giorno vengono a trovarli la loro amica Chiara e anche due simpatici personaggi, la rana inglese Free e la mosca friulana Ulli: assieme trascorrono pomeriggi molto divertenti cantando canzoni, giocando, raccontando barzellette e leggendo storie.<\/p>\n\n\n\n<p><strong>In questa puntata: La paura (33).<\/strong> Daria e Chiara stanno giocando tranquille in salotto, quando improvvisamente salta la corrente. Daria ha molta paura del buio e inizia ad agitarsi moltissimo ma Chiara l\u2019aiuta a calmarsi. Free, invece, ha mal di pancia e deve andare dal medico ma da sempre ha paura dei dottori. Per fortuna, per\u00f2, lo visiter\u00e0 una dottoressa dolcissima che gli far\u00e0 passare la paura. In giardino, poi, Daria e Chiara sono spaventate da ragni e cimici. La paura \u00e8 un sentimento che ci permette di evitare situazioni di pericolo, anche se a volte \u00e8 esagerata e pu\u00f2 impedirci di godere delle cose belle. Insomma, ognuno ha le proprie paure ma, con delle piccole strategie, si pu\u00f2 imparare a sconfiggerle.<\/p>\n\n\n\n<p>Conduttrici e autrici: Daria Miani e Chiara Donada<br>\nCon la partecipazione di: Silvia Piani e Silvia Gazzetta (Free &amp; Ulli)<br>\nResponsabile di produzione ARLeF: William Cisilino<br>\nCoordinamento generale: Vittorio Vella (Deltastudios)<br>\nRegia e animazione sigla: Tommaso Ravo<br>\nMusiche originali: Flaviano Miani (musica), Daria Miani (testi)<br>\nConsulenza linguistica e ottimizzazione: Michele Calligaris e Linda Picco \u2013 Sportello regionale per la lingua friulana\/ Calt<br>\nDurata: 20 minuti circa<\/p>\n\n\n\n<p>Contatti:<br>\narlef@regione.fvg.it<br>\nmaman@tvstar.com<\/p>\n","protected":false},"featured_media":3048,"menu_order":33,"template":"","series":[37,53],"class_list":["post-743","video","type-video","status-publish","has-post-thumbnail","hentry","series-lis-pontadis-di-maman-it","series-stagione-3"],"acf":{"url_video":"bx6qAJtlkjQ","anno":"","video_correlati":"","risorse_correlate":"","n_ordine":0},"_links":{"self":[{"href":"https:\/\/ghiti.it\/it\/wp-json\/wp\/v2\/video\/743"}],"collection":[{"href":"https:\/\/ghiti.it\/it\/wp-json\/wp\/v2\/video"}],"about":[{"href":"https:\/\/ghiti.it\/it\/wp-json\/wp\/v2\/types\/video"}],"version-history":[{"count":4,"href":"https:\/\/ghiti.it\/it\/wp-json\/wp\/v2\/video\/743\/revisions"}],"predecessor-version":[{"id":9239,"href":"https:\/\/ghiti.it\/it\/wp-json\/wp\/v2\/video\/743\/revisions\/9239"}],"wp:featuredmedia":[{"embeddable":true,"href":"https:\/\/ghiti.it\/it\/wp-json\/wp\/v2\/media\/3048"}],"wp:attachment":[{"href":"https:\/\/ghiti.it\/it\/wp-json\/wp\/v2\/media?parent=743"}],"wp:term":[{"taxonomy":"series","embeddable":true,"href":"https:\/\/ghiti.it\/it\/wp-json\/wp\/v2\/series?post=743"}],"curies":[{"name":"wp","href":"https:\/\/api.w.org\/{rel}","templated":true}]}}

LA PÔRE

<p><strong><em>Maman! La trasmissione per bambini tutta in lingua friulana.</em></strong><strong><em><br>
</em></strong>In onda su Telefriuli (canale 11) ogni venerdì</p>



<p>Una produzione di ARLeF – Agenzia Regionale per la Lingua Friulana e di Telefriuli</p>



<p>In una casetta dai tanti colori abitano Daria e il gattino Vigji. Ogni giorno vengono a trovarli la loro amica Chiara e anche due simpatici personaggi, la rana inglese Free e la mosca friulana Ulli: assieme trascorrono pomeriggi molto divertenti cantando canzoni, giocando, raccontando barzellette e leggendo storie.</p>



<p><strong>In questa puntata: La paura (33).</strong> Daria e Chiara stanno giocando tranquille in salotto, quando improvvisamente salta la corrente. Daria ha molta paura del buio e inizia ad agitarsi moltissimo ma Chiara l’aiuta a calmarsi. Free, invece, ha mal di pancia e deve andare dal medico ma da sempre ha paura dei dottori. Per fortuna, però, lo visiterà una dottoressa dolcissima che gli farà passare la paura. In giardino, poi, Daria e Chiara sono spaventate da ragni e cimici. La paura è un sentimento che ci permette di evitare situazioni di pericolo, anche se a volte è esagerata e può impedirci di godere delle cose belle. Insomma, ognuno ha le proprie paure ma, con delle piccole strategie, si può imparare a sconfiggerle.</p>



<p>Conduttrici e autrici: Daria Miani e Chiara Donada<br>
Con la partecipazione di: Silvia Piani e Silvia Gazzetta (Free &amp; Ulli)<br>
Responsabile di produzione ARLeF: William Cisilino<br>
Coordinamento generale: Vittorio Vella (Deltastudios)<br>
Regia e animazione sigla: Tommaso Ravo<br>
Musiche originali: Flaviano Miani (musica), Daria Miani (testi)<br>
Consulenza linguistica e ottimizzazione: Michele Calligaris e Linda Picco – Sportello regionale per la lingua friulana/ Calt<br>
Durata: 20 minuti circa</p>



<p>Contatti:<br>
arlef@regione.fvg.it<br>
maman@tvstar.com</p>
