{"id":9700,"date":"2021-06-17T08:54:07","date_gmt":"2021-06-17T08:54:07","guid":{"rendered":"https:\/\/ghiti.it\/video\/mame\/"},"modified":"2021-06-17T09:53:47","modified_gmt":"2021-06-17T09:53:47","slug":"mame","status":"publish","type":"video","link":"https:\/\/ghiti.it\/it\/video\/mame\/","title":{"rendered":"Mame"},"content":{"rendered":"\n<p>Una presentazione di <strong>ARLeF<\/strong> \u2013 Agjenzie Regjon\u00e2l pe Lenghe Furlane<\/p>\n\n\n\n<p>\u201c<strong>Il Ream dai Fruts<\/strong>\u201d \u00e8 l\u2019adattamento del progetto internazionale nato in Argentina \u201cEl Reino infantil\u201d, per la prima volta in lingua friulana. Portato in Italia da Azzurra Music, con testi di Alberto Zeppieri dell\u2019Associazione Numar Un, \u00e8 composto da 12 videocanzoni animate, interpretate da noti artisti della scena musicale friulana.<\/p>\n\n\n\n<p><strong>Mame. <\/strong>Cantata da Giulia Daici, Simone Rizzi e Sofia Maria Rizzi<br>Testo di Eduardo Alberto Marceillac, Cecilia Maria Teresa Rogier, Giulia Daici e Alberto Zeppieri<br>Registrata da Simone Rizzi presso \u201cPink Room Studio\u201d<\/p>\n\n\n\n<p><em>Ti vuei tant ben, mame!<\/em><br><em>Jo a cjase o ai une fade cetant biele che si clame &#8211;<\/em><br><em>Mame, Mame<\/em><br><em>J\u00ea e sa cem\u00fbt che o stoi, a cont\u00e2i dut o voi &#8211; Mame,<\/em><br><em>Mame<\/em><br><em>Cuant che o f\u00e2s il so ritrat<\/em><br><em>i siei biei voglons di bot si impiin di felicit\u00e2t<\/em><br><em>Po e f\u00e2s di gust\u00e2, mi consee ce che o ai di f\u00e2\u2026 &#8211; Mame,<\/em><br><em>Mame<\/em><br><em>Cuant che n\u00f4 a spas o lin, pe manute si tign\u00ecn &#8211; Mame,<\/em><br><em>Mame<\/em><br><em>I siei pas a son picinins par st\u00e2 da\u00fbr di n\u00f4 frutins &#8211;<\/em><br><em>Mame, Mame<\/em><br><em>Nus fevele cun afi et, nus insegne il rispiet par ch\u00ea int<\/em><br><em>che nus pl\u00e2s e ancje no\u2026<\/em><br><em>Ogni volte che o ai gust di lei une fl abe o vivi un sium,<\/em><br><em>cuant che jo o soi j\u00f9 di cuarde e un biel ridi un grum mi<\/em><br><em>mancje<\/em><br><em>j\u00ea e je simpri chi cun me\u2026 e un ben plui grant nol \u00e8\u2026 &#8211;<\/em><br><em>Mame.<\/em><br><em>Tu s\u00eas bielissime mame, ninine, simpri atente e ligriose\u2026<\/em><br><em>ti vuei tant ben!\u2026<\/em><br><em>une bussade, mamute!<\/em><br><em>J\u00ea nus mostre il biel de vite e cul so esempli nus invide a<\/em><br><em>cap\u00ee ce che si \u00e0 o no di f\u00e2.<\/em><br><em>Ogni volte che o ai gust di lei une fl abe o vivi un sium,<\/em><br><em>cuant che jo o soi j\u00f9 di cuarde e un biel ridi un grum mi<\/em><br><em>mancje<\/em><br><em>j\u00ea e je simpri chi cun me\u2026 e un ben plui grant nol \u00e8\u2026 &#8211;<\/em><br><em>Mame.<\/em><br><em>E je la cjase di une fade l\u00e0 che o stoi e j\u00ea si clame &#8211; Mame<\/em><br><em>e je la cjase di une fade l\u00e0 che o stoi e j\u00ea si clame &#8211;<\/em><br><em>Mame\u2026<\/em><br><em>Ti vuei tant ben, mame! &#8211; Mame\u2026<\/em><\/p>\n\n\n\n<p><strong>Credits<\/strong><\/p>\n\n\n\n<p>Un progetto di Alberto Zeppieri (Associazion Numar Un)<br>Realizzato con il finanziamento di ARLeF &#8211; Agjenzie Regjon\u00e2l pe Lenghe Furlane<br>Consulenza linguistica a cura di Sportel Regjon\u00e2l pe Lenghe Furlane dell&#8217;ARLeF<br>Progetto grafico di David Zeppieri<br>Missaggio e mastering di Roberto Cetoli presso \u201cAccademia Recording Studio\u201d, Verona<br>Sincronizzazione musica e video di Federico Rettondini<br>Un ringraziamento a Eros Cisilino, William Cisilino, Federica Del Pino, Francesca Battistutta, Linda Picco, Michela De Fazio, Andrea \u201cDree\u201d Venier, Roberto Cetoli, Karin Mensah, Lella Carcereri, Marco Rossi, Marta Recchia, Michele Sartori, Mauro Missana, Christian Romanini, Franz Contadini, dj Tubet, Cinzia Pravisani<br>Edizioni Musicali di Azzurra Music srl, Pastrengo (VR)<br>Su licenza di Editorial Leader Music S.A. (Argentina)<\/p>\n","protected":false},"featured_media":9637,"menu_order":0,"template":"","series":[99],"class_list":["post-9700","video","type-video","status-publish","has-post-thumbnail","hentry","series-il-ream-dai-fruts-it"],"acf":{"url_video":"https:\/\/www.youtube-nocookie.com\/embed\/C5UbTzs8m5E?autoplay=0&showinfo=0&rel=0&modestbranding=1&playsinline=1&enablejsapi=1","anno":"","video_correlati":"","risorse_correlate":"","n_ordine":60},"_links":{"self":[{"href":"https:\/\/ghiti.it\/it\/wp-json\/wp\/v2\/video\/9700"}],"collection":[{"href":"https:\/\/ghiti.it\/it\/wp-json\/wp\/v2\/video"}],"about":[{"href":"https:\/\/ghiti.it\/it\/wp-json\/wp\/v2\/types\/video"}],"version-history":[{"count":1,"href":"https:\/\/ghiti.it\/it\/wp-json\/wp\/v2\/video\/9700\/revisions"}],"predecessor-version":[{"id":9701,"href":"https:\/\/ghiti.it\/it\/wp-json\/wp\/v2\/video\/9700\/revisions\/9701"}],"wp:featuredmedia":[{"embeddable":true,"href":"https:\/\/ghiti.it\/it\/wp-json\/wp\/v2\/media\/9637"}],"wp:attachment":[{"href":"https:\/\/ghiti.it\/it\/wp-json\/wp\/v2\/media?parent=9700"}],"wp:term":[{"taxonomy":"series","embeddable":true,"href":"https:\/\/ghiti.it\/it\/wp-json\/wp\/v2\/series?post=9700"}],"curies":[{"name":"wp","href":"https:\/\/api.w.org\/{rel}","templated":true}]}}

<p>Una presentazione di <strong>ARLeF</strong> – Agjenzie Regjonâl pe Lenghe Furlane</p>



<p>“<strong>Il Ream dai Fruts</strong>” è l’adattamento del progetto internazionale nato in Argentina “El Reino infantil”, per la prima volta in lingua friulana. Portato in Italia da Azzurra Music, con testi di Alberto Zeppieri dell’Associazione Numar Un, è composto da 12 videocanzoni animate, interpretate da noti artisti della scena musicale friulana.</p>



<p><strong>Mame. </strong>Cantata da Giulia Daici, Simone Rizzi e Sofia Maria Rizzi<br>Testo di Eduardo Alberto Marceillac, Cecilia Maria Teresa Rogier, Giulia Daici e Alberto Zeppieri<br>Registrata da Simone Rizzi presso “Pink Room Studio”</p>



<p><em>Ti vuei tant ben, mame!</em><br><em>Jo a cjase o ai une fade cetant biele che si clame &#8211;</em><br><em>Mame, Mame</em><br><em>Jê e sa cemût che o stoi, a contâi dut o voi &#8211; Mame,</em><br><em>Mame</em><br><em>Cuant che o fâs il so ritrat</em><br><em>i siei biei voglons di bot si impiin di felicitât</em><br><em>Po e fâs di gustâ, mi consee ce che o ai di fâ… &#8211; Mame,</em><br><em>Mame</em><br><em>Cuant che nô a spas o lin, pe manute si tignìn &#8211; Mame,</em><br><em>Mame</em><br><em>I siei pas a son picinins par stâ daûr di nô frutins &#8211;</em><br><em>Mame, Mame</em><br><em>Nus fevele cun afi et, nus insegne il rispiet par chê int</em><br><em>che nus plâs e ancje no…</em><br><em>Ogni volte che o ai gust di lei une fl abe o vivi un sium,</em><br><em>cuant che jo o soi jù di cuarde e un biel ridi un grum mi</em><br><em>mancje</em><br><em>jê e je simpri chi cun me… e un ben plui grant nol è… &#8211;</em><br><em>Mame.</em><br><em>Tu sês bielissime mame, ninine, simpri atente e ligriose…</em><br><em>ti vuei tant ben!…</em><br><em>une bussade, mamute!</em><br><em>Jê nus mostre il biel de vite e cul so esempli nus invide a</em><br><em>capî ce che si à o no di fâ.</em><br><em>Ogni volte che o ai gust di lei une fl abe o vivi un sium,</em><br><em>cuant che jo o soi jù di cuarde e un biel ridi un grum mi</em><br><em>mancje</em><br><em>jê e je simpri chi cun me… e un ben plui grant nol è… &#8211;</em><br><em>Mame.</em><br><em>E je la cjase di une fade là che o stoi e jê si clame &#8211; Mame</em><br><em>e je la cjase di une fade là che o stoi e jê si clame &#8211;</em><br><em>Mame…</em><br><em>Ti vuei tant ben, mame! &#8211; Mame…</em></p>



<p><strong>Credits</strong></p>



<p>Un progetto di Alberto Zeppieri (Associazion Numar Un)<br>Realizzato con il finanziamento di ARLeF &#8211; Agjenzie Regjonâl pe Lenghe Furlane<br>Consulenza linguistica a cura di Sportel Regjonâl pe Lenghe Furlane dell&#8217;ARLeF<br>Progetto grafico di David Zeppieri<br>Missaggio e mastering di Roberto Cetoli presso “Accademia Recording Studio”, Verona<br>Sincronizzazione musica e video di Federico Rettondini<br>Un ringraziamento a Eros Cisilino, William Cisilino, Federica Del Pino, Francesca Battistutta, Linda Picco, Michela De Fazio, Andrea “Dree” Venier, Roberto Cetoli, Karin Mensah, Lella Carcereri, Marco Rossi, Marta Recchia, Michele Sartori, Mauro Missana, Christian Romanini, Franz Contadini, dj Tubet, Cinzia Pravisani<br>Edizioni Musicali di Azzurra Music srl, Pastrengo (VR)<br>Su licenza di Editorial Leader Music S.A. (Argentina)</p>
