{"id":9708,"date":"2021-06-17T08:49:06","date_gmt":"2021-06-17T08:49:06","guid":{"rendered":"https:\/\/ghiti.it\/video\/la-simiute-color-di-cafe\/"},"modified":"2021-06-17T09:56:20","modified_gmt":"2021-06-17T09:56:20","slug":"la-simiute-color-di-cafe","status":"publish","type":"video","link":"https:\/\/ghiti.it\/it\/video\/la-simiute-color-di-cafe\/","title":{"rendered":"La simiute col\u00f4r di caf\u00e8"},"content":{"rendered":"\n<p>Una presentazione di <strong>ARLeF<\/strong> \u2013 Agjenzie Regjon\u00e2l pe Lenghe Furlane<\/p>\n\n\n\n<p>\u201c<strong>Il Ream dai Fruts<\/strong>\u201d \u00e8 l\u2019adattamento del progetto internazionale nato in Argentina \u201cEl Reino infantil\u201d, per la prima volta in lingua friulana. Portato in Italia da Azzurra Music, con testi di Alberto Zeppieri dell\u2019Associazione Numar Un, \u00e8 composto da 12 videocanzoni animate, interpretate da noti artisti della scena musicale friulana.<\/p>\n\n\n\n<p><strong>La simiute col\u00f4r di caf\u00e8. <\/strong>Cantata da Franco Giordani e Irene Dolzani<br>Testo di Eduardo Alberto Marceillac, Cecilia Maria Teresa Rogier e Alberto Zeppieri<br>Registrata da Max Passon presso il \u201cMaster Studio\u201d di Udine<\/p>\n\n\n\n<p><em>O cognossevi une simiute mate<\/em><br><em>cuntun biel p\u00eal maron, di col\u00f4r caf\u00e8<\/em><br><em>se e jere int ator e i diseve \u201cbale\u201d<\/em><br><em>e scomen\u00e7ave a f\u00e2lu cun grant plas\u00ea.<\/em><br><em>E\u2026 e leve, e leve la simiute s\u00f9 pe palme<\/em><br><em>e veve, e veve di zui\u00e2 cu la s\u00f4 talpe<\/em><br><em>\u201czire, zire\u201d j\u00ea e zirave\u2026 \u201csalte, salte\u201d<\/em><br><em>se e colave\u2026 un marmeu a cui che al fale.<\/em><br><em>E leve, e leve, gjerometis s\u00f9 pe palme<\/em><br><em>e veve, e veve po di ridi a plene panze<\/em><br><em>\u201czire, zire\u201d j\u00ea e zirave\u2026 \u201csalte, salte\u201d<\/em><br><em>se e colave\u2026 un marmeu a cui che al bale.<\/em><br><em>Se cjaminant tu viodis une matucele<\/em><br><em>ninine, svelte, cul p\u00eal col\u00f4r caf\u00e8<\/em><br><em>sta p\u00fbr sig\u00fbr che e je ch\u00ea simiute biele<\/em><br><em>f\u00e2s un saltut e tache a zui\u00e2 con j\u00ea.<\/em><br><em>E\u2026 e leve, e leve la simiute s\u00f9 pe palme<\/em><br><em>e veve e veve di zui\u00e2 cu la s\u00f4 talpe<\/em><br><em>\u201czire, zire\u201d j\u00ea e zirave\u2026 \u201csalte, salte\u201d<\/em><br><em>se e colave\u2026 un marmeu a cui che al fale.<\/em><br><em>E leve, e leve, gjerometis su pe palme<\/em><br><em>e veve, e veve po di ridi a plene panze<\/em><br><em>\u201czire, zire\u201d j\u00ea e zirave\u2026 \u201csalte, salte\u201d<\/em><br><em>se e colave\u2026 un marmeu a cui che al bale.<\/em><br><em>E\u2026 e leve, e leve la simiute s\u00f9 pe palme<\/em><br><em>e veve e veve di zui\u00e2 cu la s\u00f4 talpe<\/em><br><em>\u201czire, zire\u201d j\u00ea e zirave\u2026 \u201csalte, salte\u201d<\/em><br><em>se e colave\u2026 un marmeu a cui che al fale.<\/em><br><em>E leve, e leve, gjerometis su pe palme<\/em><br><em>e veve, e veve po di ridi a plene panze<\/em><br><em>\u201czire, zire\u201d j\u00ea e zirave\u2026 \u201csalte, salte\u201d<\/em><br><em>se e colave\u2026 un marmeu a cui che al bale.<\/em><br><em>Salte, salte\u2026 fale, fale\u2026<\/em><br><em>salte salte!<\/em><\/p>\n\n\n\n<p><strong>Credits<\/strong><\/p>\n\n\n\n<p>Un progetto di Alberto Zeppieri (Associazion Numar Un)<br>Realizzato con il finanziamento di ARLeF &#8211; Agjenzie Regjon\u00e2l pe Lenghe Furlane<br>Consulenza linguistica a cura di Sportel Regjon\u00e2l pe Lenghe Furlane dell&#8217;ARLeF<br>Progetto grafico di David Zeppieri<br>Missaggio e mastering di Roberto Cetoli presso \u201cAccademia Recording Studio\u201d, Verona<br>Sincronizzazione musica e video di Federico Rettondini<br>Un ringraziamento a Eros Cisilino, William Cisilino, Federica Del Pino, Francesca Battistutta, Linda Picco, Michela De Fazio, Andrea \u201cDree\u201d Venier, Roberto Cetoli, Karin Mensah, Lella Carcereri, Marco Rossi, Marta Recchia, Michele Sartori, Mauro Missana, Christian Romanini, Franz Contadini, dj Tubet, Cinzia Pravisani<br>Edizioni Musicali di Azzurra Music srl, Pastrengo (VR)<br>Su licenza di Editorial Leader Music S.A. (Argentina)<\/p>\n","protected":false},"featured_media":9617,"menu_order":0,"template":"","series":[99],"class_list":["post-9708","video","type-video","status-publish","has-post-thumbnail","hentry","series-il-ream-dai-fruts-it"],"acf":{"url_video":"https:\/\/www.youtube-nocookie.com\/embed\/qoaizyaNFtg?autoplay=0&showinfo=0&rel=0&modestbranding=1&playsinline=1&enablejsapi=1","anno":"","video_correlati":"","risorse_correlate":"","n_ordine":40},"_links":{"self":[{"href":"https:\/\/ghiti.it\/it\/wp-json\/wp\/v2\/video\/9708"}],"collection":[{"href":"https:\/\/ghiti.it\/it\/wp-json\/wp\/v2\/video"}],"about":[{"href":"https:\/\/ghiti.it\/it\/wp-json\/wp\/v2\/types\/video"}],"version-history":[{"count":1,"href":"https:\/\/ghiti.it\/it\/wp-json\/wp\/v2\/video\/9708\/revisions"}],"predecessor-version":[{"id":9709,"href":"https:\/\/ghiti.it\/it\/wp-json\/wp\/v2\/video\/9708\/revisions\/9709"}],"wp:featuredmedia":[{"embeddable":true,"href":"https:\/\/ghiti.it\/it\/wp-json\/wp\/v2\/media\/9617"}],"wp:attachment":[{"href":"https:\/\/ghiti.it\/it\/wp-json\/wp\/v2\/media?parent=9708"}],"wp:term":[{"taxonomy":"series","embeddable":true,"href":"https:\/\/ghiti.it\/it\/wp-json\/wp\/v2\/series?post=9708"}],"curies":[{"name":"wp","href":"https:\/\/api.w.org\/{rel}","templated":true}]}}

La simiute colôr di cafè

<p>Una presentazione di <strong>ARLeF</strong> – Agjenzie Regjonâl pe Lenghe Furlane</p>



<p>“<strong>Il Ream dai Fruts</strong>” è l’adattamento del progetto internazionale nato in Argentina “El Reino infantil”, per la prima volta in lingua friulana. Portato in Italia da Azzurra Music, con testi di Alberto Zeppieri dell’Associazione Numar Un, è composto da 12 videocanzoni animate, interpretate da noti artisti della scena musicale friulana.</p>



<p><strong>La simiute colôr di cafè. </strong>Cantata da Franco Giordani e Irene Dolzani<br>Testo di Eduardo Alberto Marceillac, Cecilia Maria Teresa Rogier e Alberto Zeppieri<br>Registrata da Max Passon presso il “Master Studio” di Udine</p>



<p><em>O cognossevi une simiute mate</em><br><em>cuntun biel pêl maron, di colôr cafè</em><br><em>se e jere int ator e i diseve “bale”</em><br><em>e scomençave a fâlu cun grant plasê.</em><br><em>E… e leve, e leve la simiute sù pe palme</em><br><em>e veve, e veve di zuiâ cu la sô talpe</em><br><em>“zire, zire” jê e zirave… “salte, salte”</em><br><em>se e colave… un marmeu a cui che al fale.</em><br><em>E leve, e leve, gjerometis sù pe palme</em><br><em>e veve, e veve po di ridi a plene panze</em><br><em>“zire, zire” jê e zirave… “salte, salte”</em><br><em>se e colave… un marmeu a cui che al bale.</em><br><em>Se cjaminant tu viodis une matucele</em><br><em>ninine, svelte, cul pêl colôr cafè</em><br><em>sta pûr sigûr che e je chê simiute biele</em><br><em>fâs un saltut e tache a zuiâ con jê.</em><br><em>E… e leve, e leve la simiute sù pe palme</em><br><em>e veve e veve di zuiâ cu la sô talpe</em><br><em>“zire, zire” jê e zirave… “salte, salte”</em><br><em>se e colave… un marmeu a cui che al fale.</em><br><em>E leve, e leve, gjerometis su pe palme</em><br><em>e veve, e veve po di ridi a plene panze</em><br><em>“zire, zire” jê e zirave… “salte, salte”</em><br><em>se e colave… un marmeu a cui che al bale.</em><br><em>E… e leve, e leve la simiute sù pe palme</em><br><em>e veve e veve di zuiâ cu la sô talpe</em><br><em>“zire, zire” jê e zirave… “salte, salte”</em><br><em>se e colave… un marmeu a cui che al fale.</em><br><em>E leve, e leve, gjerometis su pe palme</em><br><em>e veve, e veve po di ridi a plene panze</em><br><em>“zire, zire” jê e zirave… “salte, salte”</em><br><em>se e colave… un marmeu a cui che al bale.</em><br><em>Salte, salte… fale, fale…</em><br><em>salte salte!</em></p>



<p><strong>Credits</strong></p>



<p>Un progetto di Alberto Zeppieri (Associazion Numar Un)<br>Realizzato con il finanziamento di ARLeF &#8211; Agjenzie Regjonâl pe Lenghe Furlane<br>Consulenza linguistica a cura di Sportel Regjonâl pe Lenghe Furlane dell&#8217;ARLeF<br>Progetto grafico di David Zeppieri<br>Missaggio e mastering di Roberto Cetoli presso “Accademia Recording Studio”, Verona<br>Sincronizzazione musica e video di Federico Rettondini<br>Un ringraziamento a Eros Cisilino, William Cisilino, Federica Del Pino, Francesca Battistutta, Linda Picco, Michela De Fazio, Andrea “Dree” Venier, Roberto Cetoli, Karin Mensah, Lella Carcereri, Marco Rossi, Marta Recchia, Michele Sartori, Mauro Missana, Christian Romanini, Franz Contadini, dj Tubet, Cinzia Pravisani<br>Edizioni Musicali di Azzurra Music srl, Pastrengo (VR)<br>Su licenza di Editorial Leader Music S.A. (Argentina)</p>
