{"id":9714,"date":"2021-06-17T08:42:43","date_gmt":"2021-06-17T08:42:43","guid":{"rendered":"https:\/\/ghiti.it\/video\/il-gjal-bartolito\/"},"modified":"2021-06-17T10:12:48","modified_gmt":"2021-06-17T10:12:48","slug":"il-gjal-bartolito","status":"publish","type":"video","link":"https:\/\/ghiti.it\/it\/video\/il-gjal-bartolito\/","title":{"rendered":"Il gjal Bartolito"},"content":{"rendered":"\n<p>Una presentazione di <strong>ARLeF<\/strong> \u2013 Agjenzie Regjon\u00e2l pe Lenghe Furlane<\/p>\n\n\n\n<p>\u201c<strong>Il Ream dai Fruts<\/strong>\u201d \u00e8 l\u2019adattamento del progetto internazionale nato in Argentina \u201cEl Reino infantil\u201d, per la prima volta in lingua friulana. Portato in Italia da Azzurra Music, con testi di Alberto Zeppieri dell\u2019Associazione Numar Un, \u00e8 composto da 12 videocanzoni animate, interpretate da noti artisti della scena musicale friulana.<\/p>\n\n\n\n<p><strong>Il gjal Bartolito. <\/strong>Cantata da Toni Merlot e Dania Lascialfari<br>Testo di Eduardo Alberto Marceillac, Cecilia Maria Teresa Rogier e Alberto Zeppieri<br>Registrata da David Zeppieri presso \u201cThe Cavern Studios\u201d di Udine<\/p>\n\n\n\n<p><em>Bartolito al jere un gjal che al stave a Maian<\/em><br><em>al saludave il soreli intun m\u00fbt avonde stramp:<\/em><br><em>Muu!<\/em><br><em>No, Bartolito\u2026 cheste e je une vacje!<\/em><br><em>Bartolito al jere un gjal che al vignive di lontan<\/em><br><em>al saludave il soreli intun m\u00fbt avonde stramp:<\/em><br><em>Cua! Cua! Cua!<\/em><br><em>No, Bartolito\u2026 cuss\u00ec e f\u00e2s la ocje!<\/em><br><em>Bartolito al jere un gjal che al viveve a Maian<\/em><br><em>al saludave il soreli intun m\u00fbt avonde stramp:<\/em><br><em>Bee!<\/em><br><em>No, Bartolito\u2026 ch\u00ea chi e je une piore!<\/em><br><em>Bartolito al jere un gjal che al vignive di lontan<\/em><br><em>al saludave il soreli intun m\u00fbt avonde stramp:<\/em><br><em>Auuu!<\/em><br><em>No, Bartolito\u2026 cuss\u00ec al f\u00e2s il l\u00f4f!<\/em><br><em>Bartolito al jere un gjal che al viveve a Maian<\/em><br><em>al saludave il soreli intun m\u00fbt avonde stramp:<\/em><br><em>Gnau!<\/em><br><em>No, Bartolito\u2026 chest al \u00e8 un gjat!<\/em><br><em>Bartolito al jere un gjal che al vignive di lontan<\/em><br><em>al saludave il soreli intun m\u00fbt avonde stramp:<\/em><br><em>Vuac! Vuac! Vuac!<\/em><br><em>No, Bartolito\u2026 chest al \u00e8 un cjan!<\/em><br><em>Bartolito al jere un gjal che al cjantave avonde stramp<\/em><br><em>ma al cric\u00e2 da la domenie ce miracul a Maian!<\/em><br><em>Chichirichi!<\/em><br><em>S\u00ec\u2026. Bartolito!!!<\/em><\/p>\n\n\n\n<p><strong>Credits<\/strong><\/p>\n\n\n\n<p>Un progetto di Alberto Zeppieri (Associazion Numar Un)<br>Realizzato con il finanziamento di ARLeF &#8211; Agjenzie Regjon\u00e2l pe Lenghe Furlane<br>Consulenza linguistica a cura di Sportel Regjon\u00e2l pe Lenghe Furlane dell&#8217;ARLeF<br>Progetto grafico di David Zeppieri<br>Missaggio e mastering di Roberto Cetoli presso \u201cAccademia Recording Studio\u201d, Verona<br>Sincronizzazione musica e video di Federico Rettondini<br>Un ringraziamento a Eros Cisilino, William Cisilino, Federica Del Pino, Francesca Battistutta, Linda Picco, Michela De Fazio, Andrea \u201cDree\u201d Venier, Roberto Cetoli, Karin Mensah, Lella Carcereri, Marco Rossi, Marta Recchia, Michele Sartori, Mauro Missana, Christian Romanini, Franz Contadini, dj Tubet, Cinzia Pravisani<br>Edizioni Musicali di Azzurra Music srl, Pastrengo (VR)<br>Su licenza di Editorial Leader Music S.A. (Argentina)<\/p>\n","protected":false},"featured_media":9602,"menu_order":0,"template":"","series":[99],"class_list":["post-9714","video","type-video","status-publish","has-post-thumbnail","hentry","series-il-ream-dai-fruts-it"],"acf":{"url_video":"https:\/\/www.youtube-nocookie.com\/embed\/eBBJqN_zAsM?autoplay=0&showinfo=0&rel=0&modestbranding=1&playsinline=1&enablejsapi=1","anno":"","video_correlati":"","risorse_correlate":"","n_ordine":20},"_links":{"self":[{"href":"https:\/\/ghiti.it\/it\/wp-json\/wp\/v2\/video\/9714"}],"collection":[{"href":"https:\/\/ghiti.it\/it\/wp-json\/wp\/v2\/video"}],"about":[{"href":"https:\/\/ghiti.it\/it\/wp-json\/wp\/v2\/types\/video"}],"version-history":[{"count":1,"href":"https:\/\/ghiti.it\/it\/wp-json\/wp\/v2\/video\/9714\/revisions"}],"predecessor-version":[{"id":9715,"href":"https:\/\/ghiti.it\/it\/wp-json\/wp\/v2\/video\/9714\/revisions\/9715"}],"wp:featuredmedia":[{"embeddable":true,"href":"https:\/\/ghiti.it\/it\/wp-json\/wp\/v2\/media\/9602"}],"wp:attachment":[{"href":"https:\/\/ghiti.it\/it\/wp-json\/wp\/v2\/media?parent=9714"}],"wp:term":[{"taxonomy":"series","embeddable":true,"href":"https:\/\/ghiti.it\/it\/wp-json\/wp\/v2\/series?post=9714"}],"curies":[{"name":"wp","href":"https:\/\/api.w.org\/{rel}","templated":true}]}}

<p>Una presentazione di <strong>ARLeF</strong> – Agjenzie Regjonâl pe Lenghe Furlane</p>



<p>“<strong>Il Ream dai Fruts</strong>” è l’adattamento del progetto internazionale nato in Argentina “El Reino infantil”, per la prima volta in lingua friulana. Portato in Italia da Azzurra Music, con testi di Alberto Zeppieri dell’Associazione Numar Un, è composto da 12 videocanzoni animate, interpretate da noti artisti della scena musicale friulana.</p>



<p><strong>Il gjal Bartolito. </strong>Cantata da Toni Merlot e Dania Lascialfari<br>Testo di Eduardo Alberto Marceillac, Cecilia Maria Teresa Rogier e Alberto Zeppieri<br>Registrata da David Zeppieri presso “The Cavern Studios” di Udine</p>



<p><em>Bartolito al jere un gjal che al stave a Maian</em><br><em>al saludave il soreli intun mût avonde stramp:</em><br><em>Muu!</em><br><em>No, Bartolito… cheste e je une vacje!</em><br><em>Bartolito al jere un gjal che al vignive di lontan</em><br><em>al saludave il soreli intun mût avonde stramp:</em><br><em>Cua! Cua! Cua!</em><br><em>No, Bartolito… cussì e fâs la ocje!</em><br><em>Bartolito al jere un gjal che al viveve a Maian</em><br><em>al saludave il soreli intun mût avonde stramp:</em><br><em>Bee!</em><br><em>No, Bartolito… chê chi e je une piore!</em><br><em>Bartolito al jere un gjal che al vignive di lontan</em><br><em>al saludave il soreli intun mût avonde stramp:</em><br><em>Auuu!</em><br><em>No, Bartolito… cussì al fâs il lôf!</em><br><em>Bartolito al jere un gjal che al viveve a Maian</em><br><em>al saludave il soreli intun mût avonde stramp:</em><br><em>Gnau!</em><br><em>No, Bartolito… chest al è un gjat!</em><br><em>Bartolito al jere un gjal che al vignive di lontan</em><br><em>al saludave il soreli intun mût avonde stramp:</em><br><em>Vuac! Vuac! Vuac!</em><br><em>No, Bartolito… chest al è un cjan!</em><br><em>Bartolito al jere un gjal che al cjantave avonde stramp</em><br><em>ma al cricâ da la domenie ce miracul a Maian!</em><br><em>Chichirichi!</em><br><em>Sì…. Bartolito!!!</em></p>



<p><strong>Credits</strong></p>



<p>Un progetto di Alberto Zeppieri (Associazion Numar Un)<br>Realizzato con il finanziamento di ARLeF &#8211; Agjenzie Regjonâl pe Lenghe Furlane<br>Consulenza linguistica a cura di Sportel Regjonâl pe Lenghe Furlane dell&#8217;ARLeF<br>Progetto grafico di David Zeppieri<br>Missaggio e mastering di Roberto Cetoli presso “Accademia Recording Studio”, Verona<br>Sincronizzazione musica e video di Federico Rettondini<br>Un ringraziamento a Eros Cisilino, William Cisilino, Federica Del Pino, Francesca Battistutta, Linda Picco, Michela De Fazio, Andrea “Dree” Venier, Roberto Cetoli, Karin Mensah, Lella Carcereri, Marco Rossi, Marta Recchia, Michele Sartori, Mauro Missana, Christian Romanini, Franz Contadini, dj Tubet, Cinzia Pravisani<br>Edizioni Musicali di Azzurra Music srl, Pastrengo (VR)<br>Su licenza di Editorial Leader Music S.A. (Argentina)</p>
