{"id":9716,"date":"2021-06-17T08:40:52","date_gmt":"2021-06-17T08:40:52","guid":{"rendered":"https:\/\/ghiti.it\/video\/jo-o-voi-al-mar\/"},"modified":"2021-06-17T10:13:26","modified_gmt":"2021-06-17T10:13:26","slug":"jo-o-voi-al-mar","status":"publish","type":"video","link":"https:\/\/ghiti.it\/it\/video\/jo-o-voi-al-mar\/","title":{"rendered":"Jo o voi al m\u00e2r"},"content":{"rendered":"\n<p>Una presentazione di <strong>ARLeF<\/strong> \u2013 Agjenzie Regjon\u00e2l pe Lenghe Furlane<\/p>\n\n\n\n<p>\u201c<strong>Il Ream dai Fruts<\/strong>\u201d \u00e8 l\u2019adattamento del progetto internazionale nato in Argentina \u201cEl Reino infantil\u201d, per la prima volta in lingua friulana. Portato in Italia da Azzurra Music, con testi di Alberto Zeppieri dell\u2019Associazione Numar Un, \u00e8 composto da 12 videocanzoni animate, interpretate da noti artisti della scena musicale friulana.<\/p>\n\n\n\n<p><strong>Jo o voi al m\u00e2r. <\/strong>Cantata da Dario Zampa<br>Testo di Eduardo Alberto Marceillac, Cecilia Maria Teresa Rogier, Dario Zampa, Alberto Zeppieri<br>Rgistrata da Max Passon presso il \u201cMaster Studio\u201d di Udine<\/p>\n\n\n\n<p><em>Cuntun \u201cM\u201d, cuntun \u201c\u00c2\u201d, cuntun \u201cR\u201d jo o voi al m\u00e2r.<\/em><br><em>Cu la mame, cul pap\u00e0, ducj insiemi al m\u00e2r si va.<\/em><br><em>Cuntun cjapiel, il ristielut e la palute<\/em><br><em>tal borson ducj i zugatui o ai puart\u00e2t<\/em><br><em>e un bon pagnut e la aghe frescje un p\u00f4c dol\u00e7ute<\/em><br><em>inte buracje che gno nono mi \u00e0 prest\u00e2t.<\/em><br><em>Cuntun \u201cM\u201d, cuntun \u201c\u00c2\u201d, cuntun \u201cR\u201d jo o voi al m\u00e2r.<\/em><br><em>Cu la mame, cul pap\u00e0, ducj insiemi al m\u00e2r si va.<\/em><br><em>Dongje la rive o cirarai cualchi capute<\/em><br><em>e un cjistiel o fasarai cul savalon,<\/em><br><em>par salud\u00e2 ducj chei che a passin par li dongje<\/em><br><em>o scrivarai ancje un biel \u201cmandi\u201d cul baston.<\/em><br><em>Cuntun \u201cM\u201d, cuntun \u201c\u00c2\u201d, cuntun \u201cR\u201d jo o voi al m\u00e2r.<\/em><br><em>Cu la mame, cul pap\u00e0, ducj insiemi al m\u00e2r si va.<\/em><br><em>Intant che al svole l\u2019acuilon parsore vie<\/em><br><em>o ai sistemadis lis balutis par zui\u00e2,<\/em><br><em>o ai za cjat\u00e2t dut il tesaur di Barbenere<\/em><br><em>cuss\u00ec o ai fats si\u00f4rs ancje la mame e il pap\u00e0.<\/em><br><em>Cuntun \u201cM\u201d, cuntun \u201c\u00c2\u201d, cuntun \u201cR\u201d jo o voi al m\u00e2r.<\/em><br><em>Scr\u00eef un \u201cM\u201d, scr\u00eef un \u201c\u00c2\u201d, scr\u00eef un \u201cR\u201d e al m\u00e2r o soi za.<\/em><br><em>Cuntun \u201cM\u201d, cuntun \u201c\u00c2\u201d, cuntun \u201cR\u201d jo o voi al m\u00e2r.<\/em><br><em>Scr\u00eef un \u201cM\u201d, scr\u00eef un \u201c\u00c2\u201d, scr\u00eef un \u201cR\u201d e al m\u00e2r si va<\/em><\/p>\n\n\n\n<p><em>Credits<\/em><\/p>\n\n\n\n<p>Un progetto di Alberto Zeppieri (Associazion Numar Un)<br>Realizzato con il finanziamento di ARLeF &#8211; Agjenzie Regjon\u00e2l pe Lenghe Furlane<br>Consulenza linguistica a cura di Sportel Regjon\u00e2l pe Lenghe Furlane dell&#8217;ARLeF<br>Progetto grafico di David Zeppieri<br>Missaggio e mastering di Roberto Cetoli presso \u201cAccademia Recording Studio\u201d, Verona<br>Sincronizzazione musica e video di Federico Rettondini<br>Un ringraziamento a Eros Cisilino, William Cisilino, Federica Del Pino, Francesca Battistutta, Linda Picco, Michela De Fazio, Andrea \u201cDree\u201d Venier, Roberto Cetoli, Karin Mensah, Lella Carcereri, Marco Rossi, Marta Recchia, Michele Sartori, Mauro Missana, Christian Romanini, Franz Contadini, dj Tubet, Cinzia Pravisani<br>Edizioni Musicali di Azzurra Music srl, Pastrengo (VR)<br>Su licenza di Editorial Leader Music S.A. (Argentina)<\/p>\n","protected":false},"featured_media":9597,"menu_order":0,"template":"","series":[99],"class_list":["post-9716","video","type-video","status-publish","has-post-thumbnail","hentry","series-il-ream-dai-fruts-it"],"acf":{"url_video":"https:\/\/www.youtube-nocookie.com\/embed\/8hF28Vi4m1k?autoplay=0&showinfo=0&rel=0&modestbranding=1&playsinline=1&enablejsapi=1","anno":"","video_correlati":"","risorse_correlate":"","n_ordine":10},"_links":{"self":[{"href":"https:\/\/ghiti.it\/it\/wp-json\/wp\/v2\/video\/9716"}],"collection":[{"href":"https:\/\/ghiti.it\/it\/wp-json\/wp\/v2\/video"}],"about":[{"href":"https:\/\/ghiti.it\/it\/wp-json\/wp\/v2\/types\/video"}],"version-history":[{"count":1,"href":"https:\/\/ghiti.it\/it\/wp-json\/wp\/v2\/video\/9716\/revisions"}],"predecessor-version":[{"id":9717,"href":"https:\/\/ghiti.it\/it\/wp-json\/wp\/v2\/video\/9716\/revisions\/9717"}],"wp:featuredmedia":[{"embeddable":true,"href":"https:\/\/ghiti.it\/it\/wp-json\/wp\/v2\/media\/9597"}],"wp:attachment":[{"href":"https:\/\/ghiti.it\/it\/wp-json\/wp\/v2\/media?parent=9716"}],"wp:term":[{"taxonomy":"series","embeddable":true,"href":"https:\/\/ghiti.it\/it\/wp-json\/wp\/v2\/series?post=9716"}],"curies":[{"name":"wp","href":"https:\/\/api.w.org\/{rel}","templated":true}]}}

Jo o voi al mâr

<p>Una presentazione di <strong>ARLeF</strong> – Agjenzie Regjonâl pe Lenghe Furlane</p>



<p>“<strong>Il Ream dai Fruts</strong>” è l’adattamento del progetto internazionale nato in Argentina “El Reino infantil”, per la prima volta in lingua friulana. Portato in Italia da Azzurra Music, con testi di Alberto Zeppieri dell’Associazione Numar Un, è composto da 12 videocanzoni animate, interpretate da noti artisti della scena musicale friulana.</p>



<p><strong>Jo o voi al mâr. </strong>Cantata da Dario Zampa<br>Testo di Eduardo Alberto Marceillac, Cecilia Maria Teresa Rogier, Dario Zampa, Alberto Zeppieri<br>Rgistrata da Max Passon presso il “Master Studio” di Udine</p>



<p><em>Cuntun “M”, cuntun “Â”, cuntun “R” jo o voi al mâr.</em><br><em>Cu la mame, cul papà, ducj insiemi al mâr si va.</em><br><em>Cuntun cjapiel, il ristielut e la palute</em><br><em>tal borson ducj i zugatui o ai puartât</em><br><em>e un bon pagnut e la aghe frescje un pôc dolçute</em><br><em>inte buracje che gno nono mi à prestât.</em><br><em>Cuntun “M”, cuntun “Â”, cuntun “R” jo o voi al mâr.</em><br><em>Cu la mame, cul papà, ducj insiemi al mâr si va.</em><br><em>Dongje la rive o cirarai cualchi capute</em><br><em>e un cjistiel o fasarai cul savalon,</em><br><em>par saludâ ducj chei che a passin par li dongje</em><br><em>o scrivarai ancje un biel “mandi” cul baston.</em><br><em>Cuntun “M”, cuntun “Â”, cuntun “R” jo o voi al mâr.</em><br><em>Cu la mame, cul papà, ducj insiemi al mâr si va.</em><br><em>Intant che al svole l’acuilon parsore vie</em><br><em>o ai sistemadis lis balutis par zuiâ,</em><br><em>o ai za cjatât dut il tesaur di Barbenere</em><br><em>cussì o ai fats siôrs ancje la mame e il papà.</em><br><em>Cuntun “M”, cuntun “Â”, cuntun “R” jo o voi al mâr.</em><br><em>Scrîf un “M”, scrîf un “Â”, scrîf un “R” e al mâr o soi za.</em><br><em>Cuntun “M”, cuntun “Â”, cuntun “R” jo o voi al mâr.</em><br><em>Scrîf un “M”, scrîf un “Â”, scrîf un “R” e al mâr si va</em></p>



<p><em>Credits</em></p>



<p>Un progetto di Alberto Zeppieri (Associazion Numar Un)<br>Realizzato con il finanziamento di ARLeF &#8211; Agjenzie Regjonâl pe Lenghe Furlane<br>Consulenza linguistica a cura di Sportel Regjonâl pe Lenghe Furlane dell&#8217;ARLeF<br>Progetto grafico di David Zeppieri<br>Missaggio e mastering di Roberto Cetoli presso “Accademia Recording Studio”, Verona<br>Sincronizzazione musica e video di Federico Rettondini<br>Un ringraziamento a Eros Cisilino, William Cisilino, Federica Del Pino, Francesca Battistutta, Linda Picco, Michela De Fazio, Andrea “Dree” Venier, Roberto Cetoli, Karin Mensah, Lella Carcereri, Marco Rossi, Marta Recchia, Michele Sartori, Mauro Missana, Christian Romanini, Franz Contadini, dj Tubet, Cinzia Pravisani<br>Edizioni Musicali di Azzurra Music srl, Pastrengo (VR)<br>Su licenza di Editorial Leader Music S.A. (Argentina)</p>
