{"id":9720,"date":"2021-06-17T08:37:35","date_gmt":"2021-06-17T08:37:35","guid":{"rendered":"https:\/\/ghiti.it\/video\/tal-ream-dai-frutins\/"},"modified":"2021-06-17T10:14:45","modified_gmt":"2021-06-17T10:14:45","slug":"tal-ream-dai-frutins","status":"publish","type":"video","link":"https:\/\/ghiti.it\/it\/video\/tal-ream-dai-frutins\/","title":{"rendered":"Tal ream dai frutins"},"content":{"rendered":"\n<p>Una presentazione di <strong>ARLeF<\/strong> \u2013 Agjenzie Regjon\u00e2l pe Lenghe Furlane<\/p>\n\n\n\n<p>\u201c<strong>Il Ream dai fruts<\/strong>\u201d \u00e8 l\u2019adattamento del progetto internazionale nato in Argentina \u201cEl Reino infantil\u201d, per la prima volta in lingua friulana. Portato in Italia da Azzurra Music, con testi di Alberto Zeppieri dell\u2019Associazione Numar Un, \u00e8 composto da 12 videocanzoni animate, interpretate da noti artisti della scena musicale friulana.<\/p>\n\n\n\n<p><strong>Tal ream dai frutins. <\/strong>Cantata dal \u201cCoro di Voci Bianche Artemia\u201d direz\u00fbt di Denis Monte<br>Testo di Atilio Rub\u00e9n L\u00f3pez, Enrique Estada e Alberto Zeppieri<br>Registrata presso la &#8220;Casa della Musica&#8221; di Cervignano (UD)<br>Soliste: Ambra, Clio, Emma, Giorgia, Giulia, Laura, Lia, Lucia, Mia, Rebecca, Silvia e Sveva<\/p>\n\n\n\n<p><em>Tal ream dai frutins, l\u00e0 che dut si pues f\u00e2,<\/em><br><em>ogni nestre fantasie e je za realt\u00e2t.<\/em><br><em>Il ream dai frutins nol \u00e8 dome une cit\u00e2t,<\/em><br><em>ma un puest dul\u00e0 che e regne la felicit\u00e2t!<\/em><br><em>Stait atents che barbe Pieri al \u00e0 un auto cence un veri,<\/em><br><em>Bartolito nus salude, cu la vacje Brune e Pevaron.<\/em><br><em>La famee e va tal pr\u00e2t, l\u00e0 che l\u2019elefant al bale<\/em><br><em>po al ordene un gjel\u00e2t: cjocolate, triscule e limon.<\/em><br><em>Tal ream dai frutins, l\u00e0 che dut si pues f\u00e2,<\/em><br><em>ogni vuestre fantasie e je za realt\u00e2t.<\/em><br><em>Il ream dai frutins nol \u00e8 dome une cit\u00e2t,<\/em><br><em>ma un mont dul\u00e0 che e regne la felicit\u00e2t!<\/em><br><em>Ve la ocje te lagune, al cjante il gjal a la s\u00f4 lune,<\/em><br><em>la sur\u00ees e bale e salte, intant che il ragn al cole j\u00f9 par l\u00e0.<\/em><br><em>Ve l\u2019orsut in discoteche e il so am\u00ec li che lu spiete,<\/em><br><em>lis simiutis a rivin dutis, par un boogie woogie di bal\u00e2.<\/em><br><em>Tal ream dai frutins, l\u00e0 che dut si pues f\u00e2,<\/em><br><em>ogni biele fantasie e je za realt\u00e2t.<\/em><br><em>Il ream dai frutins nol \u00e8 dome une cit\u00e2t,<\/em><br><em>ma un mont dul\u00e0 che e regne la felicit\u00e2t!<\/em><br><em>Il puest dai frutins, il puest dai frutins\u2026<\/em><br><em>Il mont dai frutins, il mont dai frutins\u2026<\/em><br><em>Il mont dai frutins, il mont dai frutins\u2026 chi<\/em><\/p>\n\n\n\n<p><em>Credits<\/em><\/p>\n\n\n\n<p>Un progetto di Alberto Zeppieri (Associazion Numar Un)<br>Realizzato con il finanziamento di ARLeF &#8211; Agjenzie Regjon\u00e2l pe Lenghe Furlane<br>Consulenza linguistica a cura di Sportel Regjon\u00e2l pe Lenghe Furlane dell&#8217;ARLeF<br>Progetto grafico di David Zeppieri<br>Missaggio e mastering di Roberto Cetoli presso \u201cAccademia Recording Studio\u201d, Verona<br>Sincronizzazione musica e video di Federico Rettondini<br>Un ringraziamento a Eros Cisilino, William Cisilino, Federica Del Pino, Francesca Battistutta, Linda Picco, Michela De Fazio, Andrea \u201cDree\u201d Venier, Roberto Cetoli, Karin Mensah, Lella Carcereri, Marco Rossi, Marta Recchia, Michele Sartori, Mauro Missana, Christian Romanini, Franz Contadini, dj Tubet, Cinzia Pravisani<br>Edizioni Musicali di Azzurra Music srl, Pastrengo (VR)<br>Su licenza di Editorial Leader Music S.A. (Argentina)<\/p>\n","protected":false},"featured_media":9586,"menu_order":0,"template":"","series":[99],"class_list":["post-9720","video","type-video","status-publish","has-post-thumbnail","hentry","series-il-ream-dai-fruts-it"],"acf":{"url_video":"https:\/\/www.youtube-nocookie.com\/embed\/Nc9GPLwBpfk?autoplay=0&showinfo=0&rel=0&modestbranding=1&playsinline=1&enablejsapi=1","anno":"","video_correlati":"","risorse_correlate":"","n_ordine":0},"_links":{"self":[{"href":"https:\/\/ghiti.it\/it\/wp-json\/wp\/v2\/video\/9720"}],"collection":[{"href":"https:\/\/ghiti.it\/it\/wp-json\/wp\/v2\/video"}],"about":[{"href":"https:\/\/ghiti.it\/it\/wp-json\/wp\/v2\/types\/video"}],"version-history":[{"count":1,"href":"https:\/\/ghiti.it\/it\/wp-json\/wp\/v2\/video\/9720\/revisions"}],"predecessor-version":[{"id":9721,"href":"https:\/\/ghiti.it\/it\/wp-json\/wp\/v2\/video\/9720\/revisions\/9721"}],"wp:featuredmedia":[{"embeddable":true,"href":"https:\/\/ghiti.it\/it\/wp-json\/wp\/v2\/media\/9586"}],"wp:attachment":[{"href":"https:\/\/ghiti.it\/it\/wp-json\/wp\/v2\/media?parent=9720"}],"wp:term":[{"taxonomy":"series","embeddable":true,"href":"https:\/\/ghiti.it\/it\/wp-json\/wp\/v2\/series?post=9720"}],"curies":[{"name":"wp","href":"https:\/\/api.w.org\/{rel}","templated":true}]}}

<p>Una presentazione di <strong>ARLeF</strong> – Agjenzie Regjonâl pe Lenghe Furlane</p>



<p>“<strong>Il Ream dai fruts</strong>” è l’adattamento del progetto internazionale nato in Argentina “El Reino infantil”, per la prima volta in lingua friulana. Portato in Italia da Azzurra Music, con testi di Alberto Zeppieri dell’Associazione Numar Un, è composto da 12 videocanzoni animate, interpretate da noti artisti della scena musicale friulana.</p>



<p><strong>Tal ream dai frutins. </strong>Cantata dal “Coro di Voci Bianche Artemia” direzût di Denis Monte<br>Testo di Atilio Rubén López, Enrique Estada e Alberto Zeppieri<br>Registrata presso la &#8220;Casa della Musica&#8221; di Cervignano (UD)<br>Soliste: Ambra, Clio, Emma, Giorgia, Giulia, Laura, Lia, Lucia, Mia, Rebecca, Silvia e Sveva</p>



<p><em>Tal ream dai frutins, là che dut si pues fâ,</em><br><em>ogni nestre fantasie e je za realtât.</em><br><em>Il ream dai frutins nol è dome une citât,</em><br><em>ma un puest dulà che e regne la felicitât!</em><br><em>Stait atents che barbe Pieri al à un auto cence un veri,</em><br><em>Bartolito nus salude, cu la vacje Brune e Pevaron.</em><br><em>La famee e va tal prât, là che l’elefant al bale</em><br><em>po al ordene un gjelât: cjocolate, triscule e limon.</em><br><em>Tal ream dai frutins, là che dut si pues fâ,</em><br><em>ogni vuestre fantasie e je za realtât.</em><br><em>Il ream dai frutins nol è dome une citât,</em><br><em>ma un mont dulà che e regne la felicitât!</em><br><em>Ve la ocje te lagune, al cjante il gjal a la sô lune,</em><br><em>la surîs e bale e salte, intant che il ragn al cole jù par là.</em><br><em>Ve l’orsut in discoteche e il so amì li che lu spiete,</em><br><em>lis simiutis a rivin dutis, par un boogie woogie di balâ.</em><br><em>Tal ream dai frutins, là che dut si pues fâ,</em><br><em>ogni biele fantasie e je za realtât.</em><br><em>Il ream dai frutins nol è dome une citât,</em><br><em>ma un mont dulà che e regne la felicitât!</em><br><em>Il puest dai frutins, il puest dai frutins…</em><br><em>Il mont dai frutins, il mont dai frutins…</em><br><em>Il mont dai frutins, il mont dai frutins… chi</em></p>



<p><em>Credits</em></p>



<p>Un progetto di Alberto Zeppieri (Associazion Numar Un)<br>Realizzato con il finanziamento di ARLeF &#8211; Agjenzie Regjonâl pe Lenghe Furlane<br>Consulenza linguistica a cura di Sportel Regjonâl pe Lenghe Furlane dell&#8217;ARLeF<br>Progetto grafico di David Zeppieri<br>Missaggio e mastering di Roberto Cetoli presso “Accademia Recording Studio”, Verona<br>Sincronizzazione musica e video di Federico Rettondini<br>Un ringraziamento a Eros Cisilino, William Cisilino, Federica Del Pino, Francesca Battistutta, Linda Picco, Michela De Fazio, Andrea “Dree” Venier, Roberto Cetoli, Karin Mensah, Lella Carcereri, Marco Rossi, Marta Recchia, Michele Sartori, Mauro Missana, Christian Romanini, Franz Contadini, dj Tubet, Cinzia Pravisani<br>Edizioni Musicali di Azzurra Music srl, Pastrengo (VR)<br>Su licenza di Editorial Leader Music S.A. (Argentina)</p>
